CRAN Package Check Results for Package eList

Last updated on 2024-04-16 15:50:36 CEST.

Flavor Version Tinstall Tcheck Ttotal Status Flags
r-devel-linux-x86_64-debian-clang 0.2.0 2.67 32.82 35.49 NOTE
r-devel-linux-x86_64-debian-gcc 0.2.0 2.04 24.68 26.72 NOTE
r-devel-linux-x86_64-fedora-clang 0.2.0 46.08 NOTE
r-devel-linux-x86_64-fedora-gcc 0.2.0 55.53 NOTE
r-prerel-macos-arm64 0.2.0 26.00 NOTE
r-prerel-windows-x86_64 0.2.0 4.00 47.00 51.00 NOTE
r-patched-linux-x86_64 0.2.0 2.86 31.08 33.94 NOTE
r-release-linux-x86_64 0.2.0 3.20 29.27 32.47 NOTE
r-release-macos-arm64 0.2.0 25.00 NOTE
r-release-macos-x86_64 0.2.0 33.00 NOTE
r-release-windows-x86_64 0.2.0 5.00 47.00 52.00 NOTE
r-oldrel-macos-arm64 0.2.0 22.00 NOTE
r-oldrel-windows-x86_64 0.2.0 5.00 52.00 57.00 NOTE

Check Details

Version: 0.2.0
Check: LazyData
Result: NOTE 'LazyData' is specified without a 'data' directory Flavors: r-devel-linux-x86_64-debian-clang, r-devel-linux-x86_64-debian-gcc, r-devel-linux-x86_64-fedora-clang, r-devel-linux-x86_64-fedora-gcc, r-prerel-macos-arm64, r-prerel-windows-x86_64, r-patched-linux-x86_64, r-release-linux-x86_64, r-release-macos-arm64, r-release-macos-x86_64, r-release-windows-x86_64, r-oldrel-macos-arm64, r-oldrel-windows-x86_64