CRAN Package Check Results for Package eList

Last updated on 2022-12-02 06:51:13 CET.

Flavor Version Tinstall Tcheck Ttotal Status Flags
r-devel-linux-x86_64-debian-clang 0.2.0 2.68 29.87 32.55 NOTE
r-devel-linux-x86_64-debian-gcc 0.2.0 2.34 23.42 25.76 NOTE
r-devel-linux-x86_64-fedora-clang 0.2.0 51.38 NOTE
r-devel-linux-x86_64-fedora-gcc 0.2.0 49.74 NOTE
r-devel-windows-x86_64 0.2.0 18.00 63.00 81.00 NOTE
r-patched-linux-x86_64 0.2.0 3.37 28.06 31.43 NOTE
r-release-linux-x86_64 0.2.0 2.85 29.42 32.27 NOTE
r-release-macos-arm64 0.2.0 18.00 NOTE
r-release-macos-x86_64 0.2.0 24.00 NOTE
r-release-windows-x86_64 0.2.0 23.00 63.00 86.00 NOTE
r-oldrel-macos-arm64 0.2.0 22.00 NOTE
r-oldrel-macos-x86_64 0.2.0 30.00 NOTE
r-oldrel-windows-ix86+x86_64 0.2.0 6.00 54.00 60.00 NOTE

Check Details

Version: 0.2.0
Check: LazyData
Result: NOTE
     'LazyData' is specified without a 'data' directory
Flavors: r-devel-linux-x86_64-debian-clang, r-devel-linux-x86_64-debian-gcc, r-devel-linux-x86_64-fedora-clang, r-devel-linux-x86_64-fedora-gcc, r-devel-windows-x86_64, r-patched-linux-x86_64, r-release-linux-x86_64, r-release-macos-arm64, r-release-macos-x86_64, r-release-windows-x86_64, r-oldrel-macos-arm64, r-oldrel-macos-x86_64, r-oldrel-windows-ix86+x86_64