CRAN Package Check Results for Package eDMA

Last updated on 2021-12-05 23:52:13 CET.

Flavor Version Tinstall Tcheck Ttotal Status Flags
r-devel-linux-x86_64-debian-clang 1.5-3 113.24 43.30 156.54 OK
r-devel-linux-x86_64-debian-gcc 1.5-3 86.68 33.96 120.64 OK
r-devel-linux-x86_64-fedora-clang 1.5-3 239.13 NOTE
r-devel-linux-x86_64-fedora-gcc 1.5-3 206.78 OK
r-devel-windows-x86_64-new-UL 1.5-3 145.00 99.00 244.00 OK
r-devel-windows-x86_64-new-TK 1.5-3 OK
r-devel-windows-x86_64-old 1.5-3 147.00 56.00 203.00 OK
r-patched-linux-x86_64 1.5-3 101.00 33.73 134.73 OK
r-release-linux-x86_64 1.5-3 105.32 41.50 146.82 OK
r-release-macos-arm64 1.5-3 NOTE
r-release-macos-x86_64 1.5-3 OK
r-release-windows-ix86+x86_64 1.5-3 289.00 84.00 373.00 OK
r-oldrel-macos-x86_64 1.5-3 OK
r-oldrel-windows-ix86+x86_64 1.5-3 285.00 85.00 370.00 OK

Check Details

Version: 1.5-3
Check: installed package size
Result: NOTE
     installed size is 5.4Mb
     sub-directories of 1Mb or more:
     libs 5.1Mb
Flavors: r-devel-linux-x86_64-fedora-clang, r-release-macos-arm64