CRAN Package Check Results for Package dynutils

Last updated on 2020-01-29 09:51:41 CET.

Flavor Version Tinstall Tcheck Ttotal Status Flags
r-devel-linux-x86_64-debian-clang 1.0.4 32.74 137.68 170.42 OK
r-devel-linux-x86_64-debian-gcc 1.0.4 23.88 106.35 130.23 OK
r-devel-linux-x86_64-fedora-clang 1.0.4 208.01 NOTE
r-devel-linux-x86_64-fedora-gcc 1.0.4 202.02 NOTE
r-devel-windows-ix86+x86_64 1.0.4 65.00 231.00 296.00 OK
r-devel-windows-ix86+x86_64-gcc8 1.0.4 89.00 241.00 330.00 OK
r-patched-linux-x86_64 1.0.4 OK
r-patched-solaris-x86 1.0.4 236.40 ERROR
r-release-linux-x86_64 1.0.4 26.25 123.30 149.55 OK
r-release-windows-ix86+x86_64 1.0.4 58.00 174.00 232.00 OK
r-release-osx-x86_64 1.0.4 NOTE
r-oldrel-windows-ix86+x86_64 1.0.4 58.00 164.00 222.00 OK
r-oldrel-osx-x86_64 1.0.4 NOTE

Check Details

Version: 1.0.4
Check: dependencies in R code
Result: NOTE
    Namespace in Imports field not imported from: ‘desc’
     All declared Imports should be used.
Flavors: r-devel-linux-x86_64-fedora-clang, r-devel-linux-x86_64-fedora-gcc, r-patched-solaris-x86, r-release-osx-x86_64, r-oldrel-osx-x86_64

Version: 1.0.4
Check: tests
Result: ERROR
     Running ‘testthat.R’ [65s/52s]
    Running the tests in ‘tests/testthat.R’ failed.
    Complete output:
     > library(testthat)
     >
     > test_check("dynutils")
     Loading required package: dynutils
    
     Attaching package: 'dynutils'
    
     The following object is masked from 'package:testthat':
    
     has_names
    
     ── 1. Error: write_h5 and read_h5 works (@test-h5.R#11) ───────────────────────
     HDF5-API H5T.c in H5Tget_class(): line 1876: not a datatype
     class: HDF5
     major: Invalid arguments to routine
     minor: Inappropriate type
     Backtrace:
     1. dynutils::read_h5(file)
     2. dynutils::read_h5_(file_h5)
     3. hdf5r::h5attr(file_h5, "object_class")
     4. attr_obj$read()
     5. hdf5r:::H5ToR_Pre(mem_type, nelem)
    
     ❌ Unable to read hdf5 files
     ── 2. Error: test_h5_installation works (@test-h5.R#17) ───────────────────────
     HDF5-API H5T.c in H5Tget_class(): line 1876: not a datatype
     class: HDF5
     major: Invalid arguments to routine
     minor: Inappropriate type
     Backtrace:
     1. testthat::expect_true(test_h5_installation())
     4. dynutils::test_h5_installation()
     5. dynutils:::test_h5_installation_read(detailed, file)
     6. base::tryCatch(...)
     7. base:::tryCatchList(expr, classes, parentenv, handlers)
     8. base:::tryCatchOne(expr, names, parentenv, handlers[[1L]])
     9. value[[3L]](cond)
    
     ══ testthat results ═══════════════════════════════════════════════════════════
     [ OK: 402 | SKIPPED: 1 | WARNINGS: 2 | FAILED: 2 ]
     1. Error: write_h5 and read_h5 works (@test-h5.R#11)
     2. Error: test_h5_installation works (@test-h5.R#17)
    
     Error: testthat unit tests failed
     Execution halted
Flavor: r-patched-solaris-x86