Last updated on 2023-12-06 16:53:09 CET.
Flavor | Version | Tinstall | Tcheck | Ttotal | Status | Flags |
---|---|---|---|---|---|---|
r-devel-linux-x86_64-debian-clang | 0.4-6 | 44.28 | 101.54 | 145.82 | OK | |
r-devel-linux-x86_64-debian-gcc | 0.4-6 | 33.94 | 74.62 | 108.56 | OK | |
r-devel-linux-x86_64-fedora-clang | 0.4-6 | 195.00 | OK | |||
r-devel-linux-x86_64-fedora-gcc | 0.4-6 | 193.05 | OK | |||
r-devel-windows-x86_64 | 0.4-6 | 33.00 | 113.00 | 146.00 | OK | |
r-patched-linux-x86_64 | 0.4-5 | 35.59 | 94.13 | 129.72 | OK | |
r-release-linux-x86_64 | 0.4-6 | 46.09 | 95.88 | 141.97 | OK | |
r-release-macos-arm64 | 0.4-6 | 57.00 | NOTE | |||
r-release-macos-x86_64 | 0.4-6 | 147.00 | NOTE | |||
r-release-windows-x86_64 | 0.4-6 | 45.00 | 132.00 | 177.00 | OK | |
r-oldrel-macos-arm64 | 0.4-6 | 59.00 | NOTE | |||
r-oldrel-macos-x86_64 | 0.4-5 | 79.00 | NOTE | |||
r-oldrel-windows-x86_64 | 0.4-6 | 37.00 | 135.00 | 172.00 | OK |
Version: 0.4-6
Check: installed package size
Result: NOTE
installed size is 5.6Mb
sub-directories of 1Mb or more:
libs 5.4Mb
Flavors: r-release-macos-arm64, r-release-macos-x86_64, r-oldrel-macos-arm64
Version: 0.4-5
Check: installed package size
Result: NOTE
installed size is 6.1Mb
sub-directories of 1Mb or more:
libs 5.8Mb
Flavor: r-oldrel-macos-x86_64