CRAN Package Check Results for Package dynparam

Last updated on 2020-08-12 21:49:38 CEST.

Flavor Version Tinstall Tcheck Ttotal Status Flags
r-devel-linux-x86_64-debian-clang 1.0.1 0.44 2.43 2.87 ERROR
r-devel-linux-x86_64-debian-gcc 1.0.1 8.60 65.58 74.18 OK
r-devel-linux-x86_64-fedora-clang 1.0.1 125.71 OK
r-devel-linux-x86_64-fedora-gcc 1.0.1 110.97 OK
r-devel-windows-ix86+x86_64 1.0.1 18.00 133.00 151.00 OK
r-patched-linux-x86_64 1.0.1 9.03 83.09 92.12 OK
r-patched-solaris-x86 1.0.1 169.00 OK
r-release-linux-x86_64 1.0.1 0.44 2.31 2.75 ERROR
r-release-macos-x86_64 1.0.1 OK
r-release-windows-ix86+x86_64 1.0.1 27.00 128.00 155.00 OK
r-oldrel-macos-x86_64 1.0.1 OK
r-oldrel-windows-ix86+x86_64 1.0.1 17.00 89.00 106.00 OK

Check Details

Version: 1.0.1
Check: package dependencies
Result: ERROR
    Package required but not available: 'tidyr'
    
    See section 'The DESCRIPTION file' in the 'Writing R Extensions'
    manual.
Flavors: r-devel-linux-x86_64-debian-clang, r-release-linux-x86_64