CRAN Package Check Results for Package dynetNLAResistance

Last updated on 2024-02-28 11:20:49 CET.

Flavor Version Tinstall Tcheck Ttotal Status Flags
r-devel-linux-x86_64-debian-clang 0.1.0 4.68 36.58 41.26 OK
r-devel-linux-x86_64-debian-gcc 0.1.0 3.49 28.38 31.87 OK
r-devel-linux-x86_64-fedora-clang 0.1.0 51.23 NOTE
r-devel-linux-x86_64-fedora-gcc 0.1.0 49.02 NOTE
r-devel-windows-x86_64 0.1.0 4.00 48.00 52.00 OK
r-patched-linux-x86_64 0.1.0 3.66 35.37 39.03 OK
r-release-linux-x86_64 0.1.0 3.70 35.91 39.61 OK
r-release-macos-arm64 0.1.0 22.00 OK
r-release-macos-x86_64 0.1.0 29.00 OK
r-release-windows-x86_64 0.1.0 7.00 53.00 60.00 OK
r-oldrel-macos-arm64 0.1.0 20.00 NOTE
r-oldrel-windows-x86_64 0.1.0 6.00 56.00 62.00 OK

Check Details

Version: 0.1.0
Check: dependencies in R code
Result: NOTE Namespace in Imports field not imported from: ‘graphics’ All declared Imports should be used. Flavors: r-devel-linux-x86_64-fedora-clang, r-devel-linux-x86_64-fedora-gcc, r-oldrel-macos-arm64