CRAN Package Check Results for Package dyncomp

Last updated on 2022-11-26 22:03:51 CET.

Flavor Version Tinstall Tcheck Ttotal Status Flags
r-devel-linux-x86_64-debian-clang 0.0.2-1 2.39 23.05 25.44 NOTE
r-devel-linux-x86_64-debian-gcc 0.0.2-1 1.75 18.25 20.00 NOTE
r-devel-linux-x86_64-fedora-clang 0.0.2-1 42.04 NOTE
r-devel-linux-x86_64-fedora-gcc 0.0.2-1 41.31 NOTE
r-devel-windows-x86_64 0.0.2-1 10.00 50.00 60.00 NOTE
r-patched-linux-x86_64 0.0.2-1 NOTE
r-release-linux-x86_64 0.0.2-1 1.70 22.21 23.91 NOTE
r-release-macos-arm64 0.0.2-1 14.00 NOTE
r-release-macos-x86_64 0.0.2-1 21.00 NOTE
r-release-windows-x86_64 0.0.2-1 9.00 50.00 59.00 NOTE
r-oldrel-macos-arm64 0.0.2-1 16.00 NOTE
r-oldrel-macos-x86_64 0.0.2-1 23.00 NOTE
r-oldrel-windows-ix86+x86_64 0.0.2-1 6.00 43.00 49.00 NOTE

Check Details

Version: 0.0.2-1
Check: LazyData
Result: NOTE
     'LazyData' is specified without a 'data' directory
Flavors: r-devel-linux-x86_64-debian-clang, r-devel-linux-x86_64-debian-gcc, r-devel-linux-x86_64-fedora-clang, r-devel-linux-x86_64-fedora-gcc, r-devel-windows-x86_64, r-patched-linux-x86_64, r-release-linux-x86_64, r-release-macos-arm64, r-release-macos-x86_64, r-release-windows-x86_64, r-oldrel-macos-arm64, r-oldrel-macos-x86_64, r-oldrel-windows-ix86+x86_64