Last updated on 2023-06-07 14:00:34 CEST.
Flavor | Version | Tinstall | Tcheck | Ttotal | Status | Flags |
---|---|---|---|---|---|---|
r-devel-linux-x86_64-debian-clang | 0.2.3 | 48.04 | 78.03 | 126.07 | NOTE | |
r-devel-linux-x86_64-debian-gcc | 0.2.3 | 39.02 | 60.34 | 99.36 | NOTE | |
r-devel-linux-x86_64-fedora-clang | 0.2.3 | 181.47 | NOTE | |||
r-devel-linux-x86_64-fedora-gcc | 0.2.3 | 184.31 | NOTE | |||
r-devel-windows-x86_64 | 0.2.3 | 37.00 | 115.00 | 152.00 | NOTE | |
r-patched-linux-x86_64 | 0.2.3 | 42.03 | 75.21 | 117.24 | NOTE | |
r-release-linux-x86_64 | 0.2.3 | 38.68 | 75.77 | 114.45 | NOTE | |
r-release-macos-arm64 | 0.2.3 | 70.00 | NOTE | |||
r-release-macos-x86_64 | 0.2.3 | 98.00 | NOTE | |||
r-release-windows-x86_64 | 0.2.3 | 48.00 | 131.00 | 179.00 | NOTE | |
r-oldrel-macos-arm64 | 0.2.3 | 61.00 | OK | |||
r-oldrel-macos-x86_64 | 0.2.3 | 66.00 | OK | |||
r-oldrel-windows-x86_64 | 0.2.3 | 46.00 | 126.00 | 172.00 | OK |
Version: 0.2.3
Check: C++ specification
Result: NOTE
Specified C++11: please drop specification unless essential
Flavors: r-devel-linux-x86_64-debian-clang, r-devel-linux-x86_64-debian-gcc, r-devel-linux-x86_64-fedora-clang, r-devel-linux-x86_64-fedora-gcc, r-devel-windows-x86_64, r-patched-linux-x86_64, r-release-linux-x86_64, r-release-macos-arm64, r-release-macos-x86_64, r-release-windows-x86_64