Last updated on 2022-08-11 13:54:59 CEST.
Flavor | Version | Tinstall | Tcheck | Ttotal | Status | Flags |
---|---|---|---|---|---|---|
r-devel-linux-x86_64-debian-clang | 1.0.1 | 3.58 | 31.53 | 35.11 | OK | |
r-devel-linux-x86_64-debian-gcc | 1.0.1 | 3.28 | 24.95 | 28.23 | OK | |
r-devel-linux-x86_64-fedora-clang | 1.0.1 | 55.78 | NOTE | |||
r-devel-linux-x86_64-fedora-gcc | 1.0.1 | 54.89 | NOTE | |||
r-devel-windows-x86_64 | 1.0.1 | 22.00 | 57.00 | 79.00 | OK | |
r-patched-linux-x86_64 | 1.0.1 | 4.51 | 30.63 | 35.14 | OK | |
r-release-linux-x86_64 | 1.0.1 | OK | ||||
r-release-macos-arm64 | 1.0.1 | 20.00 | NOTE | |||
r-release-macos-x86_64 | 1.0.1 | 26.00 | NOTE | |||
r-release-windows-x86_64 | 1.0.1 | 14.00 | 62.00 | 76.00 | OK | |
r-oldrel-macos-arm64 | 1.0.1 | 21.00 | NOTE | |||
r-oldrel-macos-x86_64 | 1.0.1 | 31.00 | NOTE | |||
r-oldrel-windows-ix86+x86_64 | 1.0.1 | 10.00 | 49.00 | 59.00 | OK |
Version: 1.0.1
Check: dependencies in R code
Result: NOTE
Namespaces in Imports field not imported from:
‘NatureSounds’ ‘av’ ‘magrittr’ ‘stats’
All declared Imports should be used.
Flavors: r-devel-linux-x86_64-fedora-clang, r-devel-linux-x86_64-fedora-gcc, r-release-macos-arm64, r-release-macos-x86_64, r-oldrel-macos-arm64, r-oldrel-macos-x86_64
Version: 1.0.1
Check: Rd cross-references
Result: NOTE
Undeclared package ‘warbleR’ in Rd xrefs
Flavor: r-devel-linux-x86_64-fedora-clang