Last updated on 2025-01-24 23:48:20 CET.
Flavor | Version | Tinstall | Tcheck | Ttotal | Status | Flags |
---|---|---|---|---|---|---|
r-devel-linux-x86_64-debian-clang | 1.1.1 | 8.62 | 89.55 | 98.17 | NOTE | |
r-devel-linux-x86_64-debian-gcc | 1.1.1 | 5.49 | 60.75 | 66.24 | NOTE | |
r-devel-linux-x86_64-fedora-clang | 1.1.1 | 160.62 | OK | |||
r-devel-linux-x86_64-fedora-gcc | 1.1.1 | 163.66 | OK | |||
r-devel-windows-x86_64 | 1.1.1 | 10.00 | 109.00 | 119.00 | OK | |
r-patched-linux-x86_64 | 1.1.1 | 8.20 | 83.44 | 91.64 | OK | |
r-release-linux-x86_64 | 1.1.1 | 7.71 | 84.01 | 91.72 | OK | |
r-release-macos-arm64 | 1.1.1 | 66.00 | OK | |||
r-release-macos-x86_64 | 1.1.1 | 96.00 | OK | |||
r-release-windows-x86_64 | 1.1.1 | 10.00 | 105.00 | 115.00 | OK | |
r-oldrel-macos-arm64 | 1.1.1 | 73.00 | OK | |||
r-oldrel-macos-x86_64 | 1.1.1 | 122.00 | OK | |||
r-oldrel-windows-x86_64 | 1.1.1 | 12.00 | 129.00 | 141.00 | OK |
Version: 1.1.1
Check: DESCRIPTION meta-information
Result: NOTE
Missing dependency on R >= 4.1.0 because package code uses the pipe
|> or function shorthand \(...) syntax added in R 4.1.0.
File(s) using such syntax:
‘getConstraintTests.R’ ‘getInvarCompTable.R’ ‘outputConstraintTab.R’
‘outputInvarCompTab.R’
Flavors: r-devel-linux-x86_64-debian-clang, r-devel-linux-x86_64-debian-gcc