CRAN Package Check Results for Package dupiR

Last updated on 2019-08-19 20:46:13 CEST.

Flavor Version Tinstall Tcheck Ttotal Status Flags
r-devel-linux-x86_64-debian-clang 1.2 3.09 23.50 26.59 NOTE
r-devel-linux-x86_64-debian-gcc 1.2 2.72 19.40 22.12 NOTE
r-devel-linux-x86_64-fedora-clang 1.2 34.83 NOTE
r-devel-linux-x86_64-fedora-gcc 1.2 32.69 NOTE
r-devel-windows-ix86+x86_64 1.2 10.00 57.00 67.00 NOTE
r-patched-linux-x86_64 1.2 3.06 23.49 26.55 NOTE
r-patched-solaris-x86 1.2 51.60 NOTE
r-release-linux-x86_64 1.2 2.80 23.73 26.53 NOTE
r-release-windows-ix86+x86_64 1.2 7.00 38.00 45.00 NOTE
r-release-osx-x86_64 1.2 NOTE
r-oldrel-windows-ix86+x86_64 1.2 4.00 33.00 37.00 NOTE
r-oldrel-osx-x86_64 1.2 NOTE

Check Details

Version: 1.2
Check: R code for possible problems
Result: NOTE
    Clough: no visible global function definition for 'dgamma'
    computePosterior,Counts: no visible global function definition for
     'dnbinom'
    getPosteriorParam,Counts: no visible global function definition for
     'qgamma'
    getPosteriorParam,Counts: no visible global function definition for
     'dgamma'
    getPosteriorParam,Counts: no visible global function definition for
     'pgamma'
    plotPosterior,Counts: no visible global function definition for 'axis'
    plotPosterior,Counts: no visible global function definition for
     'abline'
    plotPosterior,Counts: no visible global function definition for 'lines'
    plotPosterior,Counts: no visible global function definition for 'rect'
    plotPosterior,Counts: no visible global function definition for 'curve'
    plotPosterior,Counts: no visible global function definition for
     'dgamma'
    plotPosterior,Counts: no visible global function definition for
     'legend'
    show,Counts: no visible global function definition for 'head'
    show,Counts: no visible global function definition for 'tail'
    Undefined global functions or variables:
     abline axis curve dgamma dnbinom head legend lines pgamma qgamma rect
     tail
    Consider adding
     importFrom("graphics", "abline", "axis", "curve", "legend", "lines",
     "rect")
     importFrom("stats", "dgamma", "dnbinom", "pgamma", "qgamma")
     importFrom("utils", "head", "tail")
    to your NAMESPACE file.
Flavors: r-devel-linux-x86_64-debian-clang, r-devel-linux-x86_64-debian-gcc, r-devel-linux-x86_64-fedora-clang, r-devel-linux-x86_64-fedora-gcc, r-devel-windows-ix86+x86_64, r-patched-linux-x86_64, r-patched-solaris-x86, r-release-linux-x86_64, r-release-windows-ix86+x86_64, r-release-osx-x86_64, r-oldrel-windows-ix86+x86_64, r-oldrel-osx-x86_64