CRAN Package Check Results for Package dundermifflin

Last updated on 2020-07-11 09:48:53 CEST.

Flavor Version Tinstall Tcheck Ttotal Status Flags
r-devel-linux-x86_64-debian-clang 0.1.1 3.03 20.71 23.74 OK
r-devel-linux-x86_64-debian-gcc 0.1.1 2.73 16.81 19.54 OK
r-devel-linux-x86_64-fedora-gcc 0.1.1 29.31 NOTE
r-devel-windows-ix86+x86_64 0.1.1 9.00 44.00 53.00 OK
r-patched-linux-x86_64 0.1.1 3.61 20.93 24.54 OK
r-patched-solaris-x86 0.1.1 45.70 NOTE
r-release-linux-x86_64 0.1.1 3.21 20.82 24.03 OK
r-release-osx-x86_64 0.1.1 NOTE
r-release-windows-ix86+x86_64 0.1.1 6.00 46.00 52.00 OK
r-oldrel-osx-x86_64 0.1.1 NOTE
r-oldrel-windows-ix86+x86_64 0.1.1 10.00 45.00 55.00 OK

Check Details

Version: 0.1.1
Check: data for non-ASCII characters
Result: NOTE
     Note: found 2854 marked UTF-8 strings
Flavors: r-devel-linux-x86_64-fedora-gcc, r-patched-solaris-x86, r-release-osx-x86_64, r-oldrel-osx-x86_64