Last updated on 2023-12-11 21:00:22 CET.
Flavor | Version | Tinstall | Tcheck | Ttotal | Status | Flags |
---|---|---|---|---|---|---|
r-devel-linux-x86_64-debian-clang | 0.2.3 | 11.41 | 180.58 | 191.99 | OK | |
r-devel-linux-x86_64-debian-gcc | 0.2.3 | 7.79 | 135.10 | 142.89 | WARN | |
r-devel-linux-x86_64-fedora-clang | 0.3.0 | 264.34 | OK | |||
r-devel-linux-x86_64-fedora-gcc | 0.3.0 | 167.46 | OK | |||
r-devel-windows-x86_64 | 0.2.3 | 14.00 | 152.00 | 166.00 | WARN | |
r-patched-linux-x86_64 | 0.2.3 | 15.27 | 173.88 | 189.15 | OK | |
r-release-linux-x86_64 | 0.2.3 | 10.68 | 175.35 | 186.03 | OK | |
r-release-macos-arm64 | 0.2.3 | 69.00 | OK | |||
r-release-macos-x86_64 | 0.3.0 | 143.00 | OK | |||
r-release-windows-x86_64 | 0.2.3 | 15.00 | 186.00 | 201.00 | OK | |
r-oldrel-macos-arm64 | 0.2.3 | 73.00 | OK | |||
r-oldrel-macos-x86_64 | 0.2.2 | 93.00 | OK | |||
r-oldrel-windows-x86_64 | 0.2.3 | 16.00 | 197.00 | 213.00 | OK |
Version: 0.2.3
Check: whether package can be installed
Result: WARN
Found the following significant warnings:
relational.c:35:27: warning: format ‘%p’ expects argument of type ‘void *’, but argument 2 has type ‘SEXP’ {aka ‘struct SEXPREC *’} [-Wformat=]
See ‘/home/hornik/tmp/R.check/r-devel-gcc/Work/PKGS/duckplyr.Rcheck/00install.out’ for details.
* used C compiler: ‘gcc-13 (Debian 13.2.0-7) 13.2.0’
Flavor: r-devel-linux-x86_64-debian-gcc
Version: 0.2.3
Check: whether package can be installed
Result: WARN
Found the following significant warnings:
relational.c:35:27: warning: format '%p' expects argument of type 'void *', but argument 2 has type 'SEXP' {aka 'struct SEXPREC *'} [-Wformat=]
See 'd:/Rcompile/CRANpkg/local/4.4/duckplyr.Rcheck/00install.out' for details.
* used C compiler: 'gcc.exe (GCC) 12.3.0'
Flavor: r-devel-windows-x86_64