CRAN Package Check Results for Package duckdb

Last updated on 2020-10-27 18:51:21 CET.

Flavor Version Tinstall Tcheck Ttotal Status Flags
r-devel-linux-x86_64-debian-clang 0.2.1-2 654.54 59.41 713.95 OK
r-devel-linux-x86_64-debian-gcc 0.2.1-2 600.54 45.26 645.80 OK
r-devel-linux-x86_64-fedora-clang 0.2.1-2 1001.92 NOTE
r-devel-linux-x86_64-fedora-gcc 0.2.1-2 1091.29 OK
r-devel-windows-ix86+x86_64 0.2.1-2 1332.00 182.00 1514.00 NOTE
r-patched-linux-x86_64 0.2.1-2 OK
r-patched-solaris-x86 0.2.1-2 768.40 NOTE
r-release-linux-x86_64 0.2.1-2 693.14 56.97 750.11 OK
r-release-macos-x86_64 0.2.1-2 NOTE
r-release-windows-ix86+x86_64 0.2.1-2 1012.00 143.00 1155.00 NOTE
r-oldrel-macos-x86_64 0.2.1-2 NOTE
r-oldrel-windows-ix86+x86_64 0.2.1-2 1115.00 180.00 1295.00 NOTE

Additional issues

rchk

Check Details

Version: 0.2.1-2
Check: installed package size
Result: NOTE
     installed size is 104.3Mb
     sub-directories of 1Mb or more:
     libs 104.0Mb
Flavors: r-devel-linux-x86_64-fedora-clang, r-devel-windows-ix86+x86_64, r-patched-solaris-x86, r-release-macos-x86_64, r-release-windows-ix86+x86_64, r-oldrel-macos-x86_64, r-oldrel-windows-ix86+x86_64