Last updated on 2023-01-30 20:55:43 CET.
Flavor | Version | Tinstall | Tcheck | Ttotal | Status | Flags |
---|---|---|---|---|---|---|
r-devel-linux-x86_64-debian-clang | 0.6.7 | 2.96 | 36.17 | 39.13 | OK | |
r-devel-linux-x86_64-debian-gcc | 0.6.7 | 2.07 | 28.06 | 30.13 | OK | |
r-devel-linux-x86_64-fedora-clang | 0.6.7 | 49.37 | NOTE | |||
r-devel-linux-x86_64-fedora-gcc | 0.6.7 | 60.52 | NOTE | |||
r-devel-windows-x86_64 | 0.6.7 | 21.00 | 75.00 | 96.00 | OK | |
r-patched-linux-x86_64 | 0.6.7 | 2.17 | 35.59 | 37.76 | OK | |
r-release-linux-x86_64 | 0.6.7 | 3.09 | 35.19 | 38.28 | OK | |
r-release-macos-arm64 | 0.6.7 | 22.00 | NOTE | |||
r-release-macos-x86_64 | 0.6.7 | 31.00 | NOTE | |||
r-release-windows-x86_64 | 0.6.7 | 25.00 | 83.00 | 108.00 | OK | |
r-oldrel-macos-arm64 | 0.6.7 | 25.00 | NOTE | |||
r-oldrel-macos-x86_64 | 0.6.7 | 32.00 | NOTE | |||
r-oldrel-windows-ix86+x86_64 | 0.6.7 | 7.00 | 73.00 | 80.00 | OK |
Version: 0.6.7
Check: dependencies in R code
Result: NOTE
Namespaces in Imports field not imported from:
‘digest’ ‘dplyr’
All declared Imports should be used.
Flavors: r-devel-linux-x86_64-fedora-clang, r-devel-linux-x86_64-fedora-gcc, r-release-macos-arm64, r-release-macos-x86_64, r-oldrel-macos-arm64, r-oldrel-macos-x86_64