CRAN Package Check Results for Package dtwclust

Last updated on 2022-05-27 12:53:13 CEST.

Flavor Version Tinstall Tcheck Ttotal Status Flags
r-devel-linux-x86_64-debian-clang 5.5.10 166.36 409.24 575.60 NOTE
r-devel-linux-x86_64-debian-gcc 5.5.10 144.73 300.80 445.53 NOTE
r-devel-linux-x86_64-fedora-clang 5.5.10 761.32 NOTE
r-devel-linux-x86_64-fedora-gcc 5.5.10 728.82 NOTE
r-devel-windows-x86_64 5.5.10 245.00 422.00 667.00 NOTE
r-patched-linux-x86_64 5.5.10 153.38 387.54 540.92 NOTE
r-release-linux-x86_64 5.5.10 148.56 386.93 535.49 NOTE
r-release-macos-arm64 5.5.10 222.00 NOTE
r-release-macos-x86_64 5.5.10 299.00 NOTE
r-release-windows-x86_64 5.5.10 222.00 450.00 672.00 NOTE
r-oldrel-macos-arm64 5.5.10 147.00 NOTE
r-oldrel-macos-x86_64 5.5.10 278.00 NOTE
r-oldrel-windows-ix86+x86_64 5.5.10 438.00 584.00 1022.00 NOTE

Check Details

Version: 5.5.10
Check: for GNU extensions in Makefiles
Result: NOTE
    GNU make is a SystemRequirements.
Flavors: r-devel-linux-x86_64-debian-clang, r-devel-linux-x86_64-debian-gcc, r-devel-linux-x86_64-fedora-clang, r-devel-linux-x86_64-fedora-gcc, r-devel-windows-x86_64, r-patched-linux-x86_64, r-release-linux-x86_64, r-release-macos-arm64, r-release-macos-x86_64, r-release-windows-x86_64, r-oldrel-macos-arm64, r-oldrel-macos-x86_64, r-oldrel-windows-ix86+x86_64

Version: 5.5.10
Check: installed package size
Result: NOTE
     installed size is 7.9Mb
     sub-directories of 1Mb or more:
     doc 2.4Mb
     libs 4.2Mb
Flavors: r-devel-linux-x86_64-fedora-clang, r-release-macos-arm64, r-release-macos-x86_64, r-oldrel-macos-arm64, r-oldrel-macos-x86_64, r-oldrel-windows-ix86+x86_64