CRAN Package Check Results for Package dscore

Last updated on 2024-02-23 04:01:58 CET.

Flavor Version Tinstall Tcheck Ttotal Status Flags
r-devel-linux-x86_64-debian-clang 1.8.0 NOTE
r-devel-linux-x86_64-debian-gcc 1.8.0 26.45 64.56 91.01 NOTE
r-devel-linux-x86_64-fedora-clang 1.8.0 161.04 NOTE
r-devel-linux-x86_64-fedora-gcc 1.8.0 167.59 NOTE
r-devel-windows-x86_64 1.8.0 29.00 110.00 139.00 NOTE
r-patched-linux-x86_64 1.8.0 26.42 81.31 107.73 NOTE
r-release-linux-x86_64 1.8.0 26.37 82.89 109.26 NOTE
r-release-macos-arm64 1.8.0 56.00 NOTE
r-release-macos-x86_64 1.8.0 85.00 NOTE
r-release-windows-x86_64 1.8.0 38.00 128.00 166.00 NOTE
r-oldrel-macos-arm64 1.8.0 49.00 OK
r-oldrel-windows-x86_64 1.8.0 38.00 124.00 162.00 OK

Check Details

Version: 1.8.0
Check: C++ specification
Result: NOTE Specified C++11: please drop specification unless essential Flavors: r-devel-linux-x86_64-debian-clang, r-devel-linux-x86_64-debian-gcc, r-devel-linux-x86_64-fedora-clang, r-devel-linux-x86_64-fedora-gcc, r-devel-windows-x86_64, r-patched-linux-x86_64, r-release-linux-x86_64, r-release-macos-arm64, r-release-macos-x86_64, r-release-windows-x86_64