Last updated on 2025-01-16 14:48:21 CET.
Flavor | Version | Tinstall | Tcheck | Ttotal | Status | Flags |
---|---|---|---|---|---|---|
r-devel-linux-x86_64-debian-clang | 0.91.3.4 | 1.73 | 30.03 | 31.76 | OK | |
r-devel-linux-x86_64-debian-gcc | 0.91.3.4 | 1.40 | 24.48 | 25.88 | OK | |
r-devel-linux-x86_64-fedora-clang | 0.91.3.4 | 53.60 | NOTE | |||
r-devel-linux-x86_64-fedora-gcc | 0.91.3.4 | 67.78 | NOTE | |||
r-devel-windows-x86_64 | 0.91.3.4 | 2.00 | 59.00 | 61.00 | OK | |
r-patched-linux-x86_64 | 0.91.3.4 | 1.72 | 29.16 | 30.88 | OK | |
r-release-linux-x86_64 | 0.91.3.4 | 1.61 | 29.25 | 30.86 | OK | |
r-release-macos-arm64 | 0.91.3.4 | 26.00 | OK | |||
r-release-macos-x86_64 | 0.91.3.4 | 39.00 | OK | |||
r-release-windows-x86_64 | 0.91.3.4 | 3.00 | 58.00 | 61.00 | OK | |
r-oldrel-macos-arm64 | 0.91.3.4 | 27.00 | OK | |||
r-oldrel-macos-x86_64 | 0.91.3.4 | 37.00 | OK | |||
r-oldrel-windows-x86_64 | 0.91.3.4 | 3.00 | 60.00 | 63.00 | OK |
Version: 0.91.3.4
Check: dependencies in R code
Result: NOTE
Namespace in Imports field not imported from: ‘mnormt’
All declared Imports should be used.
Flavors: r-devel-linux-x86_64-fedora-clang, r-devel-linux-x86_64-fedora-gcc