CRAN Package Check Results for Package drf

Last updated on 2022-08-16 03:55:28 CEST.

Flavor Version Tinstall Tcheck Ttotal Status Flags
r-devel-linux-x86_64-debian-clang 1.1.0 105.88 75.02 180.90 NOTE
r-devel-linux-x86_64-debian-gcc 1.1.0 87.73 57.42 145.15 NOTE
r-devel-linux-x86_64-fedora-clang 1.1.0 281.45 NOTE
r-devel-linux-x86_64-fedora-gcc 1.1.0 279.83 NOTE
r-devel-windows-x86_64 1.1.0 116.00 114.00 230.00 NOTE
r-patched-linux-x86_64 1.1.0 93.50 71.31 164.81 NOTE
r-release-linux-x86_64 1.1.0 96.15 72.24 168.39 NOTE
r-release-macos-arm64 1.1.0 69.00 NOTE
r-release-macos-x86_64 1.1.0 89.00 NOTE
r-release-windows-x86_64 1.1.0 122.00 118.00 240.00 NOTE
r-oldrel-macos-arm64 1.1.0 77.00 NOTE
r-oldrel-macos-x86_64 1.1.0 97.00 NOTE
r-oldrel-windows-ix86+x86_64 1.1.0 286.00 127.00 413.00 NOTE

Check Details

Version: 1.1.0
Check: for GNU extensions in Makefiles
Result: NOTE
    GNU make is a SystemRequirements.
Flavors: r-devel-linux-x86_64-debian-clang, r-devel-linux-x86_64-debian-gcc, r-devel-linux-x86_64-fedora-clang, r-devel-linux-x86_64-fedora-gcc, r-devel-windows-x86_64, r-patched-linux-x86_64, r-release-linux-x86_64, r-release-macos-arm64, r-release-macos-x86_64, r-release-windows-x86_64, r-oldrel-macos-arm64, r-oldrel-macos-x86_64, r-oldrel-windows-ix86+x86_64

Version: 1.1.0
Check: installed package size
Result: NOTE
     installed size is 6.6Mb
     sub-directories of 1Mb or more:
     libs 6.5Mb
Flavors: r-release-macos-arm64, r-release-macos-x86_64, r-oldrel-macos-arm64, r-oldrel-macos-x86_64