CRAN Package Check Results for Package draw

Last updated on 2020-04-05 05:47:10 CEST.

Flavor Version Tinstall Tcheck Ttotal Status Flags
r-devel-linux-x86_64-debian-clang 1.0.0 2.13 21.53 23.66 NOTE
r-devel-linux-x86_64-debian-gcc 1.0.0 1.70 17.07 18.77 NOTE
r-devel-linux-x86_64-fedora-clang 1.0.0 29.08 NOTE
r-devel-linux-x86_64-fedora-gcc 1.0.0 28.88 NOTE
r-devel-windows-ix86+x86_64 1.0.0 5.00 49.00 54.00 OK
r-devel-windows-ix86+x86_64-gcc8 1.0.0 6.00 33.00 39.00 OK
r-patched-linux-x86_64 1.0.0 1.73 21.11 22.84 NOTE
r-patched-solaris-x86 1.0.0 47.40 NOTE
r-release-linux-x86_64 1.0.0 1.45 19.76 21.21 OK
r-release-windows-ix86+x86_64 1.0.0 5.00 47.00 52.00 OK
r-release-osx-x86_64 1.0.0 OK
r-oldrel-windows-ix86+x86_64 1.0.0 2.00 33.00 35.00 OK
r-oldrel-osx-x86_64 1.0.0 OK

Check Details

Version: 1.0.0
Check: for non-standard things in the check directory
Result: NOTE
    Found the following files/directories:
     'drawBox.pdf' 'drawCircle.pdf' 'drawCurve.pdf' 'drawLine.pdf'
     'drawPoint.pdf' 'drawSettingsExample.pdf' 'drawText.pdf' 'export.pdf'
Flavors: r-devel-linux-x86_64-debian-clang, r-devel-linux-x86_64-debian-gcc, r-devel-linux-x86_64-fedora-clang, r-devel-linux-x86_64-fedora-gcc, r-patched-linux-x86_64, r-patched-solaris-x86