Last updated on 2023-03-25 07:59:31 CET.
Flavor | Version | Tinstall | Tcheck | Ttotal | Status | Flags |
---|---|---|---|---|---|---|
r-devel-linux-x86_64-debian-clang | 0.3.1 | 4.55 | 37.01 | 41.56 | NOTE | |
r-devel-linux-x86_64-debian-gcc | 0.3.1 | 3.38 | 28.90 | 32.28 | NOTE | |
r-devel-linux-x86_64-fedora-clang | 0.3.1 | 52.38 | NOTE | |||
r-devel-linux-x86_64-fedora-gcc | 0.3.1 | 48.29 | NOTE | |||
r-patched-linux-x86_64 | 0.3.1 | 2.73 | 38.77 | 41.50 | NOTE | |
r-release-linux-x86_64 | 0.3.1 | 3.63 | 38.76 | 42.39 | NOTE | |
r-release-macos-arm64 | 0.3.1 | 18.00 | NOTE | |||
r-release-macos-x86_64 | 0.3.1 | 38.00 | NOTE | |||
r-release-windows-x86_64 | 0.3.1 | 17.00 | 76.00 | 93.00 | NOTE | |
r-oldrel-macos-arm64 | 0.3.1 | 23.00 | NOTE | |||
r-oldrel-macos-x86_64 | 0.3.1 | 36.00 | NOTE | |||
r-oldrel-windows-ix86+x86_64 | 0.3.1 | 12.00 | 69.00 | 81.00 | NOTE |
Version: 0.3.1
Check: LazyData
Result: NOTE
'LazyData' is specified without a 'data' directory
Flavors: r-devel-linux-x86_64-debian-clang, r-devel-linux-x86_64-debian-gcc, r-devel-linux-x86_64-fedora-clang, r-devel-linux-x86_64-fedora-gcc, r-patched-linux-x86_64, r-release-linux-x86_64, r-release-macos-arm64, r-release-macos-x86_64, r-release-windows-x86_64, r-oldrel-macos-arm64, r-oldrel-macos-x86_64, r-oldrel-windows-ix86+x86_64