CRAN Package Check Results for Package dragulaR

Last updated on 2020-09-22 06:47:22 CEST.

Flavor Version Tinstall Tcheck Ttotal Status Flags
r-devel-linux-x86_64-debian-clang 0.3.1 3.06 31.45 34.51 OK
r-devel-linux-x86_64-debian-gcc 0.3.1 0.29 1.86 2.15 ERROR
r-devel-linux-x86_64-fedora-clang 0.3.1 50.98 OK
r-devel-linux-x86_64-fedora-gcc 0.3.1 42.44 OK
r-devel-windows-ix86+x86_64 0.3.1 9.00 45.00 54.00 OK
r-patched-linux-x86_64 0.3.1 2.67 31.40 34.07 OK
r-patched-solaris-x86 0.3.1 68.40 OK
r-release-linux-x86_64 0.3.1 2.98 31.21 34.19 OK
r-release-macos-x86_64 0.3.1 OK
r-release-windows-ix86+x86_64 0.3.1 9.00 56.00 65.00 OK
r-oldrel-macos-x86_64 0.3.1 OK
r-oldrel-windows-ix86+x86_64 0.3.1 5.00 43.00 48.00 OK

Check Details

Version: 0.3.1
Check: whether package can be installed
Result: ERROR
    Installation failed.
Flavor: r-devel-linux-x86_64-debian-gcc