CRAN Package Check Results for Package dragulaR

Last updated on 2020-07-14 23:47:58 CEST.

Flavor Version Tinstall Tcheck Ttotal Status Flags
r-devel-linux-x86_64-debian-clang 0.3.1 3.17 31.66 34.83 OK
r-devel-linux-x86_64-debian-gcc 0.3.1 2.51 25.02 27.53 OK
r-devel-linux-x86_64-fedora-clang 0.3.1 50.16 OK
r-devel-linux-x86_64-fedora-gcc 0.3.1 42.50 OK
r-devel-windows-ix86+x86_64 0.3.1 22.00 64.00 86.00 OK
r-patched-linux-x86_64 0.3.1 3.05 31.37 34.42 OK
r-patched-solaris-x86 0.3.1 64.10 OK
r-release-linux-x86_64 0.3.1 2.28 31.59 33.87 OK
r-release-macos-x86_64 0.3.1 FAIL
r-release-windows-ix86+x86_64 0.3.1 12.00 49.00 61.00 OK
r-oldrel-macos-x86_64 0.3.1 OK
r-oldrel-windows-ix86+x86_64 0.3.1 10.00 76.00 86.00 OK

Check Details

Version: 0.3.1
Check: DESCRIPTION meta-information
Result: FAIL
Flavor: r-release-macos-x86_64