CRAN Package Check Results for Package dragulaR

Last updated on 2022-07-04 16:52:25 CEST.

Flavor Version Tinstall Tcheck Ttotal Status Flags
r-devel-linux-x86_64-debian-clang 0.3.1 3.43 38.16 41.59 NOTE
r-devel-linux-x86_64-debian-gcc 0.3.1 3.06 30.20 33.26 NOTE
r-devel-linux-x86_64-fedora-clang 0.3.1 61.47 NOTE
r-devel-linux-x86_64-fedora-gcc 0.3.1 61.02 NOTE
r-devel-windows-x86_64 0.3.1 13.00 66.00 79.00 NOTE
r-patched-linux-x86_64 0.3.1 2.57 37.84 40.41 NOTE
r-release-linux-x86_64 0.3.1 3.02 37.36 40.38 NOTE
r-release-macos-arm64 0.3.1 18.00 NOTE
r-release-macos-x86_64 0.3.1 38.00 NOTE
r-release-windows-x86_64 0.3.1 13.00 67.00 80.00 NOTE
r-oldrel-macos-arm64 0.3.1 23.00 NOTE
r-oldrel-macos-x86_64 0.3.1 36.00 NOTE
r-oldrel-windows-ix86+x86_64 0.3.1 10.00 59.00 69.00 NOTE

Check Details

Version: 0.3.1
Check: LazyData
Result: NOTE
     'LazyData' is specified without a 'data' directory
Flavors: r-devel-linux-x86_64-debian-clang, r-devel-linux-x86_64-debian-gcc, r-devel-linux-x86_64-fedora-clang, r-devel-linux-x86_64-fedora-gcc, r-devel-windows-x86_64, r-patched-linux-x86_64, r-release-linux-x86_64, r-release-macos-arm64, r-release-macos-x86_64, r-release-windows-x86_64, r-oldrel-macos-arm64, r-oldrel-macos-x86_64, r-oldrel-windows-ix86+x86_64