CRAN Package Check Results for Package dragulaR

Last updated on 2022-11-28 07:49:50 CET.

Flavor Version Tinstall Tcheck Ttotal Status Flags
r-devel-linux-x86_64-debian-clang 0.3.1 4.39 39.21 43.60 NOTE
r-devel-linux-x86_64-debian-gcc 0.3.1 3.12 30.86 33.98 NOTE
r-devel-linux-x86_64-fedora-clang 0.3.1 63.91 NOTE
r-devel-linux-x86_64-fedora-gcc 0.3.1 62.88 NOTE
r-devel-windows-x86_64 0.3.1 46.00 73.00 119.00 NOTE
r-patched-linux-x86_64 0.3.1 2.74 37.88 40.62 NOTE
r-release-linux-x86_64 0.3.1 3.82 38.52 42.34 NOTE
r-release-macos-arm64 0.3.1 18.00 NOTE
r-release-macos-x86_64 0.3.1 38.00 NOTE
r-release-windows-x86_64 0.3.1 16.00 73.00 89.00 NOTE
r-oldrel-macos-arm64 0.3.1 23.00 NOTE
r-oldrel-macos-x86_64 0.3.1 36.00 NOTE
r-oldrel-windows-ix86+x86_64 0.3.1 11.00 69.00 80.00 NOTE

Check Details

Version: 0.3.1
Check: LazyData
Result: NOTE
     'LazyData' is specified without a 'data' directory
Flavors: r-devel-linux-x86_64-debian-clang, r-devel-linux-x86_64-debian-gcc, r-devel-linux-x86_64-fedora-clang, r-devel-linux-x86_64-fedora-gcc, r-devel-windows-x86_64, r-patched-linux-x86_64, r-release-linux-x86_64, r-release-macos-arm64, r-release-macos-x86_64, r-release-windows-x86_64, r-oldrel-macos-arm64, r-oldrel-macos-x86_64, r-oldrel-windows-ix86+x86_64