CRAN Package Check Results for Package dplyr

Last updated on 2018-09-25 05:48:24 CEST.

Flavor Version Tinstall Tcheck Ttotal Status Flags
r-devel-linux-x86_64-debian-clang 0.7.6 341.23 122.12 463.35 OK
r-devel-linux-x86_64-debian-gcc 0.7.6 313.76 96.91 410.67 OK
r-devel-linux-x86_64-fedora-clang 0.7.6 691.70 NOTE
r-devel-linux-x86_64-fedora-gcc 0.7.6 644.18 WARN
r-devel-windows-ix86+x86_64 0.7.6 789.00 288.00 1077.00 NOTE
r-patched-linux-x86_64 0.7.6 324.47 113.11 437.58 OK
r-patched-solaris-x86 0.7.6 538.00 NOTE
r-release-linux-x86_64 0.7.6 354.94 113.64 468.58 OK
r-release-windows-ix86+x86_64 0.7.6 804.00 276.00 1080.00 NOTE
r-release-osx-x86_64 0.7.6 NOTE
r-oldrel-windows-ix86+x86_64 0.7.6 571.00 275.00 846.00 NOTE
r-oldrel-osx-x86_64 0.7.6 NOTE

Additional issues

rchk

Check Details

Version: 0.7.6
Check: installed package size
Result: NOTE
     installed size is 28.2Mb
     sub-directories of 1Mb or more:
     libs 26.1Mb
Flavors: r-devel-linux-x86_64-fedora-clang, r-devel-windows-ix86+x86_64, r-release-windows-ix86+x86_64, r-release-osx-x86_64, r-oldrel-windows-ix86+x86_64, r-oldrel-osx-x86_64

Version: 0.7.6
Check: data for non-ASCII characters
Result: NOTE
     Note: found 4 marked UTF-8 strings
Flavors: r-devel-linux-x86_64-fedora-clang, r-devel-linux-x86_64-fedora-gcc, r-patched-solaris-x86, r-release-osx-x86_64, r-oldrel-osx-x86_64

Version: 0.7.6
Check: whether package can be installed
Result: WARN
    Found the following significant warnings:
     hybrid.cpp:286:22: warning: catching polymorphic type ‘class Rcpp::binding_not_found’ by value [-Wcatch-value=]
Flavor: r-devel-linux-x86_64-fedora-gcc

Version: 0.7.6
Check: DESCRIPTION meta-information
Result: NOTE
    Malformed Authors@R field:
     lazy-load database '/Library/Frameworks/R.framework/Resources/library/utils/R/sysdata.rdb' is corrupt
Flavor: r-release-osx-x86_64