CRAN Package Check Results for Package dplyr

Last updated on 2018-07-18 20:46:29 CEST.

Flavor Version Tinstall Tcheck Ttotal Status Flags
r-devel-linux-x86_64-debian-clang 0.7.6 312.03 123.90 435.93 OK
r-devel-linux-x86_64-debian-gcc 0.7.6 283.35 94.23 377.58 OK
r-devel-linux-x86_64-fedora-clang 0.7.6 688.45 NOTE
r-devel-linux-x86_64-fedora-gcc 0.7.6 636.35 NOTE
r-devel-windows-ix86+x86_64 0.7.6 799.00 285.00 1084.00 NOTE
r-patched-linux-x86_64 0.7.6 341.87 115.42 457.29 OK
r-patched-solaris-x86 0.7.6 546.10 NOTE
r-release-linux-x86_64 0.7.6 331.53 115.17 446.70 OK
r-release-windows-ix86+x86_64 0.7.6 782.00 283.00 1065.00 NOTE
r-release-osx-x86_64 0.7.6 NOTE
r-oldrel-windows-ix86+x86_64 0.7.6 802.00 229.00 1031.00 NOTE
r-oldrel-osx-x86_64 0.7.6 NOTE

Additional issues

rchk

Check Details

Version: 0.7.6
Check: installed package size
Result: NOTE
     installed size is 27.2Mb
     sub-directories of 1Mb or more:
     libs 25.1Mb
Flavors: r-devel-linux-x86_64-fedora-clang, r-devel-windows-ix86+x86_64, r-release-windows-ix86+x86_64, r-release-osx-x86_64, r-oldrel-windows-ix86+x86_64, r-oldrel-osx-x86_64

Version: 0.7.6
Check: data for non-ASCII characters
Result: NOTE
     Note: found 4 marked UTF-8 strings
Flavors: r-devel-linux-x86_64-fedora-clang, r-devel-linux-x86_64-fedora-gcc, r-patched-solaris-x86, r-release-osx-x86_64, r-oldrel-osx-x86_64

Version: 0.7.6
Check: DESCRIPTION meta-information
Result: NOTE
    Malformed Authors@R field:
     lazy-load database '/Library/Frameworks/R.framework/Resources/library/utils/R/sysdata.rdb' is corrupt
Flavor: r-release-osx-x86_64