Last updated on 2022-07-03 20:50:43 CEST.
Flavor | Version | Tinstall | Tcheck | Ttotal | Status | Flags |
---|---|---|---|---|---|---|
r-devel-linux-x86_64-debian-clang | 1.0.9 | 25.37 | 311.27 | 336.64 | OK | |
r-devel-linux-x86_64-debian-gcc | 1.0.9 | 16.63 | 224.47 | 241.10 | OK | |
r-devel-linux-x86_64-fedora-clang | 1.0.9 | 380.85 | NOTE | |||
r-devel-linux-x86_64-fedora-gcc | 1.0.9 | 381.03 | NOTE | |||
r-devel-windows-x86_64 | 1.0.9 | 127.00 | 376.00 | 503.00 | OK | |
r-patched-linux-x86_64 | 1.0.9 | 28.18 | 289.44 | 317.62 | OK | |
r-release-linux-x86_64 | 1.0.9 | 19.67 | 286.89 | 306.56 | OK | |
r-release-macos-arm64 | 1.0.9 | 94.00 | NOTE | |||
r-release-macos-x86_64 | 1.0.9 | 143.00 | NOTE | |||
r-release-windows-x86_64 | 1.0.9 | 158.00 | 370.00 | 528.00 | OK | |
r-oldrel-macos-arm64 | 1.0.9 | 95.00 | NOTE | |||
r-oldrel-macos-x86_64 | 1.0.9 | 149.00 | NOTE | |||
r-oldrel-windows-ix86+x86_64 | 1.0.9 | 46.00 | 572.00 | 618.00 | OK |
Version: 1.0.9
Check: data for non-ASCII characters
Result: NOTE
Note: found 4 marked UTF-8 strings
Flavors: r-devel-linux-x86_64-fedora-clang, r-devel-linux-x86_64-fedora-gcc, r-release-macos-arm64, r-release-macos-x86_64, r-oldrel-macos-arm64, r-oldrel-macos-x86_64
Version: 1.0.9
Check: package dependencies
Result: NOTE
Package suggested but not available for checking: ‘RSQLite’
Flavor: r-release-macos-arm64