CRAN Package Check Results for Package downloadthis

Last updated on 2020-07-11 06:47:36 CEST.

Flavor Version Tinstall Tcheck Ttotal Status Flags
r-devel-linux-x86_64-debian-clang 0.2.0 2.88 29.65 32.53 OK
r-devel-linux-x86_64-debian-gcc 0.2.0 2.16 23.22 25.38 OK
r-devel-linux-x86_64-fedora-clang 0.2.0 46.95 NOTE
r-devel-linux-x86_64-fedora-gcc 0.2.0 38.70 OK
r-devel-windows-ix86+x86_64 0.2.0 9.00 58.00 67.00 NOTE
r-patched-linux-x86_64 0.2.0 2.98 29.36 32.34 OK
r-patched-solaris-x86 0.2.0 57.60 NOTE
r-release-linux-x86_64 0.2.0 2.62 29.27 31.89 OK
r-release-osx-x86_64 0.2.0 NOTE
r-release-windows-ix86+x86_64 0.2.0 8.00 62.00 70.00 NOTE
r-oldrel-osx-x86_64 0.2.0 NOTE
r-oldrel-windows-ix86+x86_64 0.2.0 9.00 43.00 52.00 NOTE

Check Details

Version: 0.2.0
Check: installed package size
Result: NOTE
     installed size is 5.1Mb
     sub-directories of 1Mb or more:
     assets 2.9Mb
     doc 2.0Mb
Flavors: r-devel-linux-x86_64-fedora-clang, r-devel-windows-ix86+x86_64, r-patched-solaris-x86, r-release-osx-x86_64, r-release-windows-ix86+x86_64, r-oldrel-osx-x86_64, r-oldrel-windows-ix86+x86_64