Last updated on 2023-01-28 15:50:25 CET.
Flavor | Version | Tinstall | Tcheck | Ttotal | Status | Flags |
---|---|---|---|---|---|---|
r-devel-linux-x86_64-debian-clang | 0.4.2 | 4.62 | 46.32 | 50.94 | OK | |
r-devel-linux-x86_64-debian-gcc | 0.4.2 | 3.51 | 35.81 | 39.32 | OK | |
r-devel-linux-x86_64-fedora-clang | 0.4.2 | 68.52 | OK | |||
r-devel-linux-x86_64-fedora-gcc | 0.4.2 | 65.27 | OK | |||
r-devel-windows-x86_64 | 0.4.2 | 43.00 | 80.00 | 123.00 | OK | |
r-patched-linux-x86_64 | 0.4.2 | 3.62 | 46.98 | 50.60 | OK | |
r-release-linux-x86_64 | 0.4.2 | 4.57 | 46.96 | 51.53 | OK | |
r-release-macos-arm64 | 0.4.2 | 31.00 | OK | |||
r-release-macos-x86_64 | 0.4.2 | 41.00 | OK | |||
r-release-windows-x86_64 | 0.4.2 | 36.00 | 94.00 | 130.00 | OK | |
r-oldrel-macos-arm64 | 0.4.2 | 26.00 | OK | |||
r-oldrel-macos-x86_64 | 0.4.2 | 42.00 | OK | |||
r-oldrel-windows-ix86+x86_64 | 0.4.2 | 9.00 | 93.00 | 102.00 | WARN |
Version: 0.4.2
Check: for unstated dependencies in ‘tests’
Result: WARN
Warning: unable to access index for repository https://bioconductor.org/packages/3.14/bioc/src/contrib:
cannot open URL 'https://bioconductor.org/packages/3.14/bioc/src/contrib/PACKAGES'
Warning: unable to access index for repository https://bioconductor.org/packages/3.14/data/annotation/src/contrib:
cannot open URL 'https://bioconductor.org/packages/3.14/data/annotation/src/contrib/PACKAGES'
Warning: unable to access index for repository https://bioconductor.org/packages/3.14/data/experiment/src/contrib:
cannot open URL 'https://bioconductor.org/packages/3.14/data/experiment/src/contrib/PACKAGES'
Flavor: r-oldrel-windows-ix86+x86_64