CRAN Package Check Results for Package doubt

Last updated on 2022-08-19 21:50:55 CEST.

Flavor Version Tinstall Tcheck Ttotal Status Flags
r-devel-linux-x86_64-debian-clang 0.1.0 1.92 26.57 28.49 NOTE
r-devel-linux-x86_64-debian-gcc 0.1.0 1.61 21.30 22.91 NOTE
r-devel-linux-x86_64-fedora-clang 0.1.0 45.79 NOTE
r-devel-linux-x86_64-fedora-gcc 0.1.0 46.34 NOTE
r-devel-windows-x86_64 0.1.0 9.00 52.00 61.00 NOTE
r-patched-linux-x86_64 0.1.0 1.68 25.53 27.21 NOTE
r-release-linux-x86_64 0.1.0 NOTE
r-release-macos-arm64 0.1.0 18.00 NOTE
r-release-macos-x86_64 0.1.0 23.00 NOTE
r-release-windows-x86_64 0.1.0 12.00 52.00 64.00 NOTE
r-oldrel-macos-arm64 0.1.0 23.00 NOTE
r-oldrel-macos-x86_64 0.1.0 28.00 NOTE
r-oldrel-windows-ix86+x86_64 0.1.0 6.00 50.00 56.00 NOTE

Check Details

Version: 0.1.0
Check: LazyData
Result: NOTE
     'LazyData' is specified without a 'data' directory
Flavors: r-devel-linux-x86_64-debian-clang, r-devel-linux-x86_64-debian-gcc, r-devel-linux-x86_64-fedora-clang, r-devel-linux-x86_64-fedora-gcc, r-devel-windows-x86_64, r-patched-linux-x86_64, r-release-linux-x86_64, r-release-macos-arm64, r-release-macos-x86_64, r-release-windows-x86_64, r-oldrel-macos-arm64, r-oldrel-macos-x86_64, r-oldrel-windows-ix86+x86_64