Last updated on 2023-02-02 23:50:28 CET.
Flavor | Version | Tinstall | Tcheck | Ttotal | Status | Flags |
---|---|---|---|---|---|---|
r-devel-linux-x86_64-debian-clang | 0.7.4 | 7.62 | 162.06 | 169.68 | NOTE | |
r-devel-linux-x86_64-debian-gcc | 0.7.4 | 6.03 | 118.60 | 124.63 | NOTE | |
r-devel-linux-x86_64-fedora-clang | 0.7.4 | 208.57 | NOTE | |||
r-devel-linux-x86_64-fedora-gcc | 0.7.4 | 209.89 | NOTE | |||
r-devel-windows-x86_64 | 0.7.4 | 29.00 | 190.00 | 219.00 | OK | |
r-patched-linux-x86_64 | 0.7.4 | 11.81 | 155.19 | 167.00 | NOTE | |
r-release-linux-x86_64 | 0.7.4 | 6.06 | 154.47 | 160.53 | NOTE | |
r-release-macos-arm64 | 0.7.4 | 55.00 | OK | |||
r-release-macos-x86_64 | 0.7.4 | 112.00 | OK | |||
r-release-windows-x86_64 | 0.7.4 | 38.00 | 196.00 | 234.00 | OK | |
r-oldrel-macos-arm64 | 0.7.4 | 87.00 | OK | |||
r-oldrel-macos-x86_64 | 0.7.4 | 78.00 | OK | |||
r-oldrel-windows-ix86+x86_64 | 0.7.4 | 27.00 | 184.00 | 211.00 | OK |
Version: 0.7.4
Check: Rd cross-references
Result: NOTE
Unknown package ‘broomExtra’ in Rd xrefs
Flavors: r-devel-linux-x86_64-debian-clang, r-devel-linux-x86_64-debian-gcc, r-devel-linux-x86_64-fedora-gcc, r-patched-linux-x86_64, r-release-linux-x86_64
Version: 0.7.4
Check: Rd cross-references
Result: NOTE
Undeclared package ‘broomExtra’ in Rd xrefs
Unknown package ‘broomExtra’ in Rd xrefs
Flavor: r-devel-linux-x86_64-fedora-clang