CRAN Package Check Results for Package dotsViolin

Last updated on 2024-03-01 16:49:18 CET.

Flavor Version Tinstall Tcheck Ttotal Status Flags
r-devel-linux-x86_64-debian-clang 0.0.1 7.43 61.84 69.27 OK
r-devel-linux-x86_64-debian-gcc 0.0.1 3.78 47.38 51.16 OK
r-devel-linux-x86_64-fedora-clang 0.0.1 89.67 NOTE
r-devel-linux-x86_64-fedora-gcc 0.0.1 79.38 NOTE
r-devel-windows-x86_64 0.0.1 7.00 66.00 73.00 OK
r-patched-linux-x86_64 0.0.1 6.00 59.50 65.50 OK
r-release-linux-x86_64 0.0.1 6.35 58.99 65.34 OK
r-release-macos-arm64 0.0.1 32.00 OK
r-release-macos-x86_64 0.0.1 57.00 OK
r-release-windows-x86_64 0.0.1 9.00 76.00 85.00 OK
r-oldrel-macos-arm64 0.0.1 43.00 OK
r-oldrel-windows-x86_64 0.0.1 9.00 81.00 90.00 OK

Check Details

Version: 0.0.1
Check: data for non-ASCII characters
Result: NOTE Note: found 2 marked UTF-8 strings Flavors: r-devel-linux-x86_64-fedora-clang, r-devel-linux-x86_64-fedora-gcc