CRAN Package Check Results for Package dotprofile

Last updated on 2024-07-24 15:51:35 CEST.

Flavor Version Tinstall Tcheck Ttotal Status Flags
r-devel-linux-x86_64-debian-clang 0.0.1 2.20 31.59 33.79 OK
r-devel-linux-x86_64-debian-gcc 0.0.1 1.40 23.20 24.60 OK
r-devel-linux-x86_64-fedora-clang 0.0.1 41.00 NOTE
r-devel-linux-x86_64-fedora-gcc 0.0.1 41.48 NOTE
r-devel-windows-x86_64 0.0.1 3.00 45.00 48.00 OK
r-patched-linux-x86_64 0.0.1 1.66 28.87 30.53 OK
r-release-linux-x86_64 0.0.1 1.79 29.98 31.77 OK
r-release-macos-arm64 0.0.1 17.00 OK
r-release-macos-x86_64 0.0.1 27.00 OK
r-release-windows-x86_64 0.0.1 3.00 45.00 48.00 OK
r-oldrel-macos-arm64 0.0.1 18.00 OK
r-oldrel-macos-x86_64 0.0.1 24.00 OK
r-oldrel-windows-x86_64 0.0.1 3.00 47.00 50.00 OK

Check Details

Version: 0.0.1
Check: dependencies in R code
Result: NOTE Namespace in Imports field not imported from: ‘R6’ All declared Imports should be used. Flavors: r-devel-linux-x86_64-fedora-clang, r-devel-linux-x86_64-fedora-gcc