CRAN Package Check Results for Package dosedesignR

Last updated on 2024-03-01 16:49:18 CET.

Flavor Version Tinstall Tcheck Ttotal Status Flags
r-devel-linux-x86_64-debian-clang 0.3.0 3.96 30.48 34.44 OK
r-devel-linux-x86_64-debian-gcc 0.3.0 2.60 24.03 26.63 OK
r-devel-linux-x86_64-fedora-clang 0.3.0 44.92 NOTE
r-devel-linux-x86_64-fedora-gcc 0.3.0 53.52 NOTE
r-devel-windows-x86_64 0.3.0 5.00 46.00 51.00 OK
r-patched-linux-x86_64 0.3.0 3.60 29.59 33.19 OK
r-release-linux-x86_64 0.3.0 3.34 29.72 33.06 OK
r-release-macos-arm64 0.3.0 24.00 OK
r-release-macos-x86_64 0.3.0 34.00 OK
r-release-windows-x86_64 0.3.0 7.00 50.00 57.00 OK
r-oldrel-macos-arm64 0.3.0 20.00 OK
r-oldrel-windows-x86_64 0.3.0 6.00 58.00 64.00 OK

Check Details

Version: 0.3.0
Check: dependencies in R code
Result: NOTE Namespaces in Imports field not imported from: ‘DT’ ‘DoseFinding’ ‘Rsolnp’ ‘ggplot2’ ‘kableExtra’ ‘knitr’ ‘latticeExtra’ ‘purrr’ ‘readxl’ ‘shinyBS’ ‘shinyWidgets’ ‘shinyjs’ ‘stringr’ ‘utils’ All declared Imports should be used. Flavors: r-devel-linux-x86_64-fedora-clang, r-devel-linux-x86_64-fedora-gcc