Last updated on 2023-03-29 11:52:13 CEST.
Flavor | Version | Tinstall | Tcheck | Ttotal | Status | Flags |
---|---|---|---|---|---|---|
r-devel-linux-x86_64-debian-clang | 1.0.8 | 57.15 | 38.43 | 95.58 | NOTE | |
r-devel-linux-x86_64-debian-gcc | 1.0.8 | 47.18 | 29.44 | 76.62 | NOTE | |
r-devel-linux-x86_64-fedora-clang | 1.0.8 | 159.05 | NOTE | |||
r-devel-linux-x86_64-fedora-gcc | 1.0.8 | 130.23 | NOTE | |||
r-devel-windows-x86_64 | 1.0.8 | 62.00 | 0.00 | 62.00 | NOTE | |
r-patched-linux-x86_64 | 1.0.8 | 50.38 | 37.01 | 87.39 | NOTE | |
r-release-linux-x86_64 | 1.0.8 | 47.79 | 37.85 | 85.64 | OK | |
r-release-macos-arm64 | 1.0.8 | 35.00 | OK | |||
r-release-macos-x86_64 | 1.0.8 | 48.00 | OK | |||
r-release-windows-x86_64 | 1.0.8 | 62.00 | 91.00 | 153.00 | OK | |
r-oldrel-macos-arm64 | 1.0.8 | 41.00 | OK | |||
r-oldrel-macos-x86_64 | 1.0.8 | 52.00 | OK | |||
r-oldrel-windows-ix86+x86_64 | 1.0.8 | 142.00 | 88.00 | 230.00 | NOTE |
Version: 1.0.8
Check: C++ specification
Result: NOTE
Specified C++11: please drop specification unless essential
Flavors: r-devel-linux-x86_64-debian-clang, r-devel-linux-x86_64-debian-gcc, r-devel-linux-x86_64-fedora-clang, r-devel-linux-x86_64-fedora-gcc, r-devel-windows-x86_64, r-patched-linux-x86_64
Version: 1.0.8
Check: dependencies in R code
Result: NOTE
Initiating curl with CURL_SSL_BACKEND: openssl
Flavor: r-oldrel-windows-ix86+x86_64