CRAN Package Check Results for Package docopulae

Last updated on 2023-03-25 00:49:12 CET.

Flavor Version Tinstall Tcheck Ttotal Status Flags
r-devel-linux-x86_64-debian-clang 0.4.0 5.72 69.56 75.28 NOTE
r-devel-linux-x86_64-debian-gcc 0.4.0 4.03 52.14 56.17 NOTE
r-devel-linux-x86_64-fedora-clang 0.4.0 93.33 NOTE
r-devel-linux-x86_64-fedora-gcc 0.4.0 91.64 NOTE
r-patched-linux-x86_64 0.4.0 5.44 71.03 76.47 NOTE
r-release-linux-x86_64 0.4.0 5.65 67.90 73.55 NOTE
r-release-macos-arm64 0.4.0 29.00 NOTE
r-release-macos-x86_64 0.4.0 37.00 NOTE
r-release-windows-x86_64 0.4.0 46.00 108.00 154.00 NOTE
r-oldrel-macos-arm64 0.4.0 31.00 NOTE
r-oldrel-macos-x86_64 0.4.0 59.00 NOTE
r-oldrel-windows-ix86+x86_64 0.4.0 12.00 129.00 141.00 NOTE

Check Details

Version: 0.4.0
Check: LazyData
Result: NOTE
     'LazyData' is specified without a 'data' directory
Flavors: r-devel-linux-x86_64-debian-clang, r-devel-linux-x86_64-debian-gcc, r-devel-linux-x86_64-fedora-clang, r-devel-linux-x86_64-fedora-gcc, r-patched-linux-x86_64, r-release-linux-x86_64, r-release-macos-arm64, r-release-macos-x86_64, r-release-windows-x86_64, r-oldrel-macos-arm64, r-oldrel-macos-x86_64, r-oldrel-windows-ix86+x86_64