CRAN Package Check Results for Package dobson

Last updated on 2024-02-27 00:59:14 CET.

Flavor Version Tinstall Tcheck Ttotal Status Flags
r-devel-linux-x86_64-debian-clang 0.4 2.09 25.98 28.07 NOTE
r-devel-linux-x86_64-debian-gcc 0.4 1.59 20.55 22.14 NOTE
r-devel-linux-x86_64-fedora-clang 0.4 38.76 NOTE
r-devel-linux-x86_64-fedora-gcc 0.4 34.02 OK
r-devel-windows-x86_64 0.4 5.00 52.00 57.00 OK
r-patched-linux-x86_64 0.4 3.25 25.67 28.92 OK
r-release-linux-x86_64 0.4 1.62 25.89 27.51 OK
r-release-macos-arm64 0.4 18.00 OK
r-release-macos-x86_64 0.4 23.00 OK
r-release-windows-x86_64 0.4 6.00 53.00 59.00 OK
r-oldrel-macos-arm64 0.4 19.00 OK
r-oldrel-windows-x86_64 0.4 8.00 54.00 62.00 OK

Check Details

Version: 0.4
Check: Rd files
Result: NOTE checkRd: (-1) beetle.Rd:13: Lost braces; missing escapes or markup? 13 | \item{\code{x}}{dose (log base 10 CS2mgl^{-1})} | ^ Flavors: r-devel-linux-x86_64-debian-clang, r-devel-linux-x86_64-debian-gcc, r-devel-linux-x86_64-fedora-clang