Last updated on 2023-01-30 07:55:04 CET.
Flavor | Version | Tinstall | Tcheck | Ttotal | Status | Flags |
---|---|---|---|---|---|---|
r-devel-linux-x86_64-debian-clang | 1.0.17 | 2.57 | 132.79 | 135.36 | NOTE | |
r-devel-linux-x86_64-debian-gcc | 1.0.17 | 2.02 | 100.99 | 103.01 | NOTE | |
r-devel-linux-x86_64-fedora-clang | 1.0.17 | 163.70 | OK | |||
r-devel-linux-x86_64-fedora-gcc | 1.0.17 | 166.66 | OK | |||
r-devel-windows-x86_64 | 1.0.17 | 22.00 | 173.00 | 195.00 | OK | |
r-patched-linux-x86_64 | 1.0.17 | 2.52 | 125.88 | 128.40 | NOTE | |
r-release-linux-x86_64 | 1.0.17 | 1.91 | 124.80 | 126.71 | NOTE | |
r-release-macos-arm64 | 1.0.17 | 82.00 | OK | |||
r-release-macos-x86_64 | 1.0.17 | 99.00 | OK | |||
r-release-windows-x86_64 | 1.0.17 | 31.00 | 177.00 | 208.00 | OK | |
r-oldrel-macos-arm64 | 1.0.17 | 71.00 | OK | |||
r-oldrel-macos-x86_64 | 1.0.17 | 104.00 | OK | |||
r-oldrel-windows-ix86+x86_64 | 1.0.17 | 6.00 | 165.00 | 171.00 | OK |
Version: 1.0.17
Check: R code for possible problems
Result: NOTE
Found the following calls to attach():
File ‘doParallel/R/doParallel.R’:
attach(exportEnv)
See section ‘Good practice’ in ‘?attach’.
Flavors: r-devel-linux-x86_64-debian-clang, r-devel-linux-x86_64-debian-gcc, r-patched-linux-x86_64, r-release-linux-x86_64