CRAN Package Check Results for Package dnapath

Last updated on 2020-08-03 20:46:50 CEST.

Flavor Version Tinstall Tcheck Ttotal Status Flags
r-devel-linux-x86_64-debian-clang 0.6.4 45.40 342.90 388.30 OK
r-devel-linux-x86_64-debian-gcc 0.6.4 38.34 256.17 294.51 OK
r-devel-linux-x86_64-fedora-clang 0.6.4 461.25 OK
r-devel-linux-x86_64-fedora-gcc 0.6.4 448.31 OK
r-devel-windows-ix86+x86_64 0.6.4 129.00 476.00 605.00 OK
r-patched-linux-x86_64 0.6.4 41.07 332.14 373.21 OK
r-patched-solaris-x86 0.6.4 679.60 OK
r-release-linux-x86_64 0.6.4 31.68 332.65 364.33 OK
r-release-macos-x86_64 0.6.4 ERROR
r-release-windows-ix86+x86_64 0.6.4 148.00 525.00 673.00 OK
r-oldrel-macos-x86_64 0.6.4 ERROR
r-oldrel-windows-ix86+x86_64 0.6.4 81.00 411.00 492.00 OK

Check Details

Version: 0.6.4
Check: package dependencies
Result: ERROR
    Package required but not available: ‘reactome.db’
    
    Package suggested but not available for checking: ‘GENIE3’
    
    See section ‘The DESCRIPTION file’ in the ‘Writing R Extensions’
    manual.
Flavors: r-release-macos-x86_64, r-oldrel-macos-x86_64