CRAN Package Check Results for Package dmlalg

Last updated on 2021-09-19 11:49:49 CEST.

Flavor Version Tinstall Tcheck Ttotal Status Flags
r-devel-linux-x86_64-debian-clang 1.0.1 11.33 173.64 184.97 OK
r-devel-linux-x86_64-debian-gcc 1.0.1 9.16 122.68 131.84 OK
r-devel-linux-x86_64-fedora-clang 1.0.1 227.89 OK
r-devel-linux-x86_64-fedora-gcc 1.0.1 209.24 OK
r-devel-windows-x86_64 1.0.1 13.00 199.00 212.00 OK
r-devel-windows-x86_64-gcc10-UCRT 1.0.1 ERROR
r-patched-linux-x86_64 1.0.1 10.24 163.37 173.61 OK
r-patched-solaris-x86 1.0.1 267.80 OK
r-release-linux-x86_64 1.0.1 11.25 161.01 172.26 OK
r-release-macos-arm64 1.0.1 OK
r-release-macos-x86_64 1.0.1 OK
r-release-windows-ix86+x86_64 1.0.1 25.00 148.00 173.00 OK
r-oldrel-macos-x86_64 1.0.1 OK
r-oldrel-windows-ix86+x86_64 1.0.1 24.00 153.00 177.00 OK

Check Details

Version: 1.0.1
Check: whether package can be installed
Result: WARN
    Found the following significant warnings:
     WARNING: installation-time patches will not be applied, could not get the patches index
Flavor: r-devel-windows-x86_64-gcc10-UCRT

Version: 1.0.1
Check: PDF version of manual
Result: WARN
    LaTeX errors when creating PDF version.
    This typically indicates Rd problems.
Flavor: r-devel-windows-x86_64-gcc10-UCRT

Version: 1.0.1
Check: PDF version of manual without hyperrefs or index
Result: ERROR
    Re-running with no redirection of stdout/stderr.
Flavor: r-devel-windows-x86_64-gcc10-UCRT