Last updated on 2023-11-30 07:52:32 CET.
Flavor | Version | Tinstall | Tcheck | Ttotal | Status | Flags |
---|---|---|---|---|---|---|
r-devel-linux-x86_64-debian-clang | 0.6.2 | 39.27 | 321.92 | 361.19 | NOTE | |
r-devel-linux-x86_64-debian-gcc | 0.6.2 | 33.93 | 236.15 | 270.08 | NOTE | |
r-devel-linux-x86_64-fedora-clang | 0.6.2 | 461.88 | OK | |||
r-devel-linux-x86_64-fedora-gcc | 0.6.2 | 436.42 | OK | |||
r-devel-windows-x86_64 | 0.6.2 | 34.00 | 276.00 | 310.00 | OK | |
r-patched-linux-x86_64 | 0.6.2 | 47.95 | 299.25 | 347.20 | OK | |
r-release-linux-x86_64 | 0.6.2 | 31.69 | 305.57 | 337.26 | OK | |
r-release-macos-arm64 | 0.6.2 | 112.00 | OK | |||
r-release-macos-x86_64 | 0.6.2 | 220.00 | OK | |||
r-release-windows-x86_64 | 0.6.2 | 50.00 | 354.00 | 404.00 | OK | |
r-oldrel-macos-arm64 | 0.6.2 | 111.00 | OK | |||
r-oldrel-macos-x86_64 | 0.6.2 | 186.00 | OK | |||
r-oldrel-windows-x86_64 | 0.6.2 | 50.00 | 352.00 | 402.00 | OK |
Version: 0.6.2
Check: Rd files
Result: NOTE
checkRd: (-1) plot.compare_category.Rd:31: Lost braces; missing escapes or markup?
31 | However, it only support las parameter. las is numeric in {0,1}; the style of axis labels.
| ^
Flavors: r-devel-linux-x86_64-debian-clang, r-devel-linux-x86_64-debian-gcc