Last updated on 2023-03-31 17:49:23 CEST.
Flavor | Version | Tinstall | Tcheck | Ttotal | Status | Flags |
---|---|---|---|---|---|---|
r-devel-linux-x86_64-debian-clang | 0.6.1 | 38.75 | 319.42 | 358.17 | OK | |
r-devel-linux-x86_64-debian-gcc | 0.6.1 | 33.08 | 233.84 | 266.92 | OK | |
r-devel-linux-x86_64-fedora-clang | 0.6.1 | 465.65 | OK | |||
r-devel-linux-x86_64-fedora-gcc | 0.6.1 | 451.14 | OK | |||
r-devel-windows-x86_64 | 0.6.1 | 143.00 | 413.00 | 556.00 | OK | |
r-patched-linux-x86_64 | 0.6.1 | 44.74 | 301.62 | 346.36 | OK | |
r-release-linux-x86_64 | 0.6.1 | 27.15 | 329.18 | 356.33 | OK | |
r-release-macos-arm64 | 0.6.1 | 155.00 | OK | |||
r-release-macos-x86_64 | 0.6.1 | 179.00 | OK | |||
r-release-windows-x86_64 | 0.6.1 | 118.00 | 413.00 | 531.00 | OK | |
r-oldrel-macos-arm64 | 0.6.1 | 166.00 | OK | |||
r-oldrel-macos-x86_64 | 0.6.1 | 191.00 | OK | |||
r-oldrel-windows-ix86+x86_64 | 0.6.1 | 89.00 | 420.00 | 509.00 | NOTE |
Version: 0.6.1
Check: R code for possible problems
Result: NOTE
Initiating curl with CURL_SSL_BACKEND: openssl
Flavor: r-oldrel-windows-ix86+x86_64