CRAN Package Check Results for Package distrSim

Last updated on 2019-08-24 07:47:19 CEST.

Flavor Version Tinstall Tcheck Ttotal Status Flags
r-devel-linux-x86_64-debian-clang 2.8.0 14.69 49.14 63.83 NOTE
r-devel-linux-x86_64-debian-gcc 2.8.0 15.22 39.37 54.59 NOTE
r-devel-linux-x86_64-fedora-clang 2.8.0 82.56 NOTE
r-devel-linux-x86_64-fedora-gcc 2.8.0 81.81 NOTE
r-devel-windows-ix86+x86_64 2.8.0 29.00 57.00 86.00 OK
r-patched-linux-x86_64 2.8.0 17.80 47.62 65.42 OK
r-patched-solaris-x86 2.8.0 115.60 OK
r-release-linux-x86_64 2.8.0 18.05 48.14 66.19 OK
r-release-windows-ix86+x86_64 2.8.0 27.00 85.00 112.00 OK
r-release-osx-x86_64 2.8.0 OK
r-oldrel-windows-ix86+x86_64 2.8.0 28.00 81.00 109.00 OK
r-oldrel-osx-x86_64 2.8.0 OK

Check Details

Version: 2.8.0
Check: for non-standard things in the check directory
Result: NOTE
    Found the following files/directories:
     'csim' 'xyz' 'xyz.sav' 'xyz.sav.comment'
Flavors: r-devel-linux-x86_64-debian-clang, r-devel-linux-x86_64-debian-gcc, r-devel-linux-x86_64-fedora-clang, r-devel-linux-x86_64-fedora-gcc