CRAN Package Check Results for Package distTails

Last updated on 2019-09-20 15:47:00 CEST.

Flavor Version Tinstall Tcheck Ttotal Status Flags
r-devel-linux-x86_64-debian-clang 0.1.2 1.86 16.84 18.70 OK
r-devel-linux-x86_64-debian-gcc 0.1.2 1.68 13.79 15.47 OK
r-devel-linux-x86_64-fedora-clang 0.1.2 24.00 OK
r-devel-linux-x86_64-fedora-gcc 0.1.2 23.12 OK
r-devel-windows-ix86+x86_64 0.1.2 10.00 44.00 54.00 OK
r-patched-linux-x86_64 0.1.2 1.74 17.16 18.90 OK
r-patched-solaris-x86 0.1.2 35.40 OK
r-release-linux-x86_64 0.1.2 1.71 17.00 18.71 OK
r-release-windows-ix86+x86_64 0.1.2 4.00 40.00 44.00 OK
r-release-osx-x86_64 0.1.2 OK
r-oldrel-osx-x86_64 0.1.2 ERROR

Check Details

Version: 0.1.2
Check: whether package can be installed
Result: ERROR
    Installation failed.
Flavor: r-oldrel-osx-x86_64