CRAN Package Check Results for Package dissUtils

Last updated on 2019-04-26 06:47:35 CEST.

Flavor Version Tinstall Tcheck Ttotal Status Flags
r-devel-linux-x86_64-debian-clang 1.0 8.05 18.76 26.81 NOTE
r-devel-linux-x86_64-debian-gcc 1.0 6.98 15.18 22.16 NOTE
r-devel-linux-x86_64-fedora-clang 1.0 36.44 NOTE
r-devel-linux-x86_64-fedora-gcc 1.0 32.98 NOTE
r-devel-windows-ix86+x86_64 1.0 28.00 57.00 85.00 NOTE
r-patched-linux-x86_64 1.0 8.29 18.99 27.28 NOTE
r-patched-solaris-x86 1.0 55.50 NOTE
r-release-linux-x86_64 1.0 8.12 17.65 25.77 NOTE
r-release-windows-ix86+x86_64 1.0 26.00 43.00 69.00 NOTE
r-release-osx-x86_64 1.0 NOTE
r-oldrel-windows-ix86+x86_64 1.0 19.00 56.00 75.00 NOTE
r-oldrel-osx-x86_64 1.0 NOTE

Check Details

Version: 1.0
Check: R code for possible problems
Result: NOTE
    densest: no visible global function definition for 'weighted.mean'
    diss: no visible global function definition for 'cov'
    neighbors: no visible global function definition for 'cov'
    Undefined global functions or variables:
     cov weighted.mean
    Consider adding
     importFrom("stats", "cov", "weighted.mean")
    to your NAMESPACE file.
Flavors: r-devel-linux-x86_64-debian-clang, r-devel-linux-x86_64-debian-gcc, r-devel-linux-x86_64-fedora-clang, r-devel-linux-x86_64-fedora-gcc, r-devel-windows-ix86+x86_64, r-patched-linux-x86_64, r-patched-solaris-x86, r-release-linux-x86_64, r-release-windows-ix86+x86_64, r-release-osx-x86_64, r-oldrel-windows-ix86+x86_64, r-oldrel-osx-x86_64

Version: 1.0
Check: compiled code
Result: NOTE
    File ‘dissUtils/libs/dissUtils.so’:
     Found no calls to: ‘R_registerRoutines’, ‘R_useDynamicSymbols’
    
    It is good practice to register native routines and to disable symbol
    search.
    
    See ‘Writing portable packages’ in the ‘Writing R Extensions’ manual.
Flavors: r-devel-linux-x86_64-fedora-clang, r-devel-linux-x86_64-fedora-gcc