CRAN Package Check Results for Package dismo

Last updated on 2022-11-28 22:51:21 CET.

Flavor Version Tinstall Tcheck Ttotal Status Flags
r-devel-linux-x86_64-debian-clang 1.3-9 68.88 342.63 411.51 OK
r-devel-linux-x86_64-debian-gcc 1.3-9 49.72 257.40 307.12 OK
r-devel-linux-x86_64-fedora-clang 1.3-9 540.48 NOTE
r-devel-linux-x86_64-fedora-gcc 1.3-9 539.49 NOTE
r-devel-windows-x86_64 1.3-9 87.00 351.00 438.00 OK --no-vignettes
r-patched-linux-x86_64 1.3-9 65.22 338.64 403.86 OK
r-release-linux-x86_64 1.3-9 55.66 336.66 392.32 OK
r-release-macos-arm64 1.3-9 114.00 NOTE
r-release-macos-x86_64 1.3-9 148.00 NOTE
r-release-windows-x86_64 1.3-9 100.00 279.00 379.00 OK --no-vignettes
r-oldrel-macos-arm64 1.3-9 100.00 NOTE
r-oldrel-macos-x86_64 1.3-9 146.00 NOTE
r-oldrel-windows-ix86+x86_64 1.3-9 129.00 448.00 577.00 OK --no-vignettes

Check Details

Version: 1.3-9
Check: data for non-ASCII characters
Result: NOTE
     Note: found 106 marked UTF-8 strings
Flavors: r-devel-linux-x86_64-fedora-clang, r-devel-linux-x86_64-fedora-gcc, r-release-macos-arm64, r-release-macos-x86_64, r-oldrel-macos-arm64, r-oldrel-macos-x86_64