CRAN Package Check Results for Package diskImageR

Last updated on 2022-08-11 01:49:05 CEST.

Flavor Version Tinstall Tcheck Ttotal Status Flags
r-devel-linux-x86_64-debian-clang 1.0.0 6.62 37.10 43.72 NOTE
r-devel-linux-x86_64-debian-gcc 1.0.0 3.79 28.25 32.04 NOTE
r-devel-linux-x86_64-fedora-clang 1.0.0 61.41 NOTE
r-devel-linux-x86_64-fedora-gcc 1.0.0 65.21 NOTE
r-devel-windows-x86_64 1.0.0 24.00 57.00 81.00 NOTE
r-patched-linux-x86_64 1.0.0 5.38 35.45 40.83 NOTE
r-release-linux-x86_64 1.0.0 NOTE
r-release-macos-arm64 1.0.0 19.00 NOTE
r-release-macos-x86_64 1.0.0 27.00 NOTE
r-release-windows-x86_64 1.0.0 25.00 60.00 85.00 NOTE
r-oldrel-macos-arm64 1.0.0 26.00 NOTE
r-oldrel-macos-x86_64 1.0.0 34.00 NOTE
r-oldrel-windows-ix86+x86_64 1.0.0 10.00 54.00 64.00 NOTE

Check Details

Version: 1.0.0
Check: LazyData
Result: NOTE
     'LazyData' is specified without a 'data' directory
Flavors: r-devel-linux-x86_64-debian-clang, r-devel-linux-x86_64-debian-gcc, r-devel-linux-x86_64-fedora-clang, r-devel-linux-x86_64-fedora-gcc, r-devel-windows-x86_64, r-patched-linux-x86_64, r-release-linux-x86_64, r-release-macos-arm64, r-release-macos-x86_64, r-release-windows-x86_64, r-oldrel-macos-arm64, r-oldrel-macos-x86_64, r-oldrel-windows-ix86+x86_64

Version: 1.0.0
Check: Rd cross-references
Result: NOTE
    Undeclared package ‘diversitree’ in Rd xrefs
Flavor: r-devel-linux-x86_64-fedora-clang