CRAN Package Check Results for Package diseq

Last updated on 2022-05-27 12:53:13 CEST.

Flavor Version Tinstall Tcheck Ttotal Status Flags
r-devel-linux-x86_64-debian-clang 0.4.3 84.98 372.86 457.84 OK
r-devel-linux-x86_64-debian-gcc 0.4.3 73.96 272.54 346.50 OK
r-devel-linux-x86_64-fedora-clang 0.4.3 547.15 OK
r-devel-linux-x86_64-fedora-gcc 0.4.3 549.24 OK
r-devel-windows-x86_64 0.4.3 115.00 470.00 585.00 OK
r-patched-linux-x86_64 0.4.3 58.83 349.79 408.62 OK
r-release-linux-x86_64 0.4.3 81.94 350.65 432.59 OK
r-release-macos-arm64 0.4.3 157.00 NOTE
r-release-macos-x86_64 0.4.3 243.00 NOTE
r-release-windows-x86_64 0.4.3 122.00 466.00 588.00 OK
r-oldrel-macos-arm64 0.4.3 107.00 NOTE
r-oldrel-macos-x86_64 0.4.3 203.00 NOTE
r-oldrel-windows-ix86+x86_64 0.4.3 159.00 555.00 714.00 NOTE

Check Details

Version: 0.4.3
Check: installed package size
Result: NOTE
     installed size is 5.9Mb
     sub-directories of 1Mb or more:
     doc 1.0Mb
     libs 3.2Mb
Flavors: r-release-macos-arm64, r-release-macos-x86_64, r-oldrel-macos-arm64, r-oldrel-macos-x86_64, r-oldrel-windows-ix86+x86_64