CRAN Package Check Results for Package discoveR

Last updated on 2019-04-25 16:51:40 CEST.

Flavor Version Tinstall Tcheck Ttotal Status Flags
r-devel-linux-x86_64-debian-clang 1.1.0 4.35 38.85 43.20 OK
r-devel-linux-x86_64-debian-gcc 1.1.0 3.62 30.59 34.21 OK
r-devel-linux-x86_64-fedora-clang 1.1.0 52.06 OK
r-devel-linux-x86_64-fedora-gcc 1.1.0 49.58 OK
r-devel-windows-ix86+x86_64 1.1.0 23.00 85.00 108.00 OK
r-patched-linux-x86_64 1.1.0 4.90 38.72 43.62 OK
r-patched-solaris-x86 1.1.0 90.80 OK
r-release-linux-x86_64 1.1.0 2.71 37.36 40.07 OK
r-release-windows-ix86+x86_64 1.1.0 8.00 79.00 87.00 OK
r-release-osx-x86_64 1.1.0 OK
r-oldrel-osx-x86_64 1.1.0 ERROR

Check Details

Version: 1.1.0
Check: whether package can be installed
Result: ERROR
    Installation failed.
Flavor: r-oldrel-osx-x86_64