CRAN Package Check Results for Package discoveR

Last updated on 2019-02-23 18:52:36 CET.

Flavor Version Tinstall Tcheck Ttotal Status Flags
r-devel-linux-x86_64-debian-clang 1.0.1 9.78 119.60 129.38 OK
r-devel-linux-x86_64-debian-gcc 1.0.1 8.30 93.51 101.81 OK
r-devel-linux-x86_64-fedora-clang 1.0.1 161.85 OK
r-devel-linux-x86_64-fedora-gcc 1.0.1 145.82 OK
r-devel-windows-ix86+x86_64 1.0.1 24.00 181.00 205.00 OK
r-patched-linux-x86_64 1.0.1 9.32 110.52 119.84 OK
r-patched-solaris-x86 1.0.1 245.50 OK
r-release-linux-x86_64 1.0.1 8.43 109.53 117.96 OK
r-release-windows-ix86+x86_64 1.0.1 19.00 128.00 147.00 OK
r-release-osx-x86_64 1.0.1 OK
r-oldrel-osx-x86_64 1.0.1 ERROR

Check Details

Version: 1.0.1
Check: whether package can be installed
Result: ERROR
    Installation failed.
Flavor: r-oldrel-osx-x86_64