CRAN Package Check Results for Package disclap

Last updated on 2019-04-19 21:46:41 CEST.

Flavor Version Tinstall Tcheck Ttotal Status Flags
r-devel-linux-x86_64-debian-clang 1.5 1.51 16.84 18.35 NOTE
r-devel-linux-x86_64-debian-gcc 1.5 1.33 13.55 14.88 NOTE
r-devel-linux-x86_64-fedora-clang 1.5 22.11 NOTE
r-devel-linux-x86_64-fedora-gcc 1.5 21.22 NOTE
r-devel-windows-ix86+x86_64 1.5 4.00 28.00 32.00 NOTE
r-patched-linux-x86_64 1.5 1.54 17.02 18.56 NOTE
r-patched-solaris-x86 1.5 35.40 NOTE
r-release-linux-x86_64 1.5 0.73 15.79 16.52 NOTE
r-release-windows-ix86+x86_64 1.5 2.00 26.00 28.00 NOTE
r-release-osx-x86_64 1.5 NOTE
r-oldrel-windows-ix86+x86_64 1.5 3.00 24.00 27.00 NOTE
r-oldrel-osx-x86_64 1.5 NOTE

Check Details

Version: 1.5
Check: DESCRIPTION meta-information
Result: NOTE
    Malformed Description field: should contain one or more complete sentences.
Flavors: r-devel-linux-x86_64-debian-clang, r-devel-linux-x86_64-debian-gcc, r-devel-linux-x86_64-fedora-clang, r-devel-linux-x86_64-fedora-gcc, r-devel-windows-ix86+x86_64, r-patched-linux-x86_64, r-patched-solaris-x86, r-release-linux-x86_64, r-release-windows-ix86+x86_64, r-release-osx-x86_64, r-oldrel-windows-ix86+x86_64, r-oldrel-osx-x86_64

Version: 1.5
Check: R code for possible problems
Result: NOTE
    rdisclap: no visible global function definition for 'runif'
    Undefined global functions or variables:
     runif
    Consider adding
     importFrom("stats", "runif")
    to your NAMESPACE file.
Flavors: r-devel-linux-x86_64-debian-clang, r-devel-linux-x86_64-debian-gcc, r-devel-linux-x86_64-fedora-clang, r-devel-linux-x86_64-fedora-gcc, r-devel-windows-ix86+x86_64, r-patched-linux-x86_64, r-patched-solaris-x86, r-release-linux-x86_64, r-release-windows-ix86+x86_64, r-release-osx-x86_64, r-oldrel-windows-ix86+x86_64, r-oldrel-osx-x86_64