CRAN Package Check Results for Package disclap

Last updated on 2020-04-01 11:48:49 CEST.

Flavor Version Tinstall Tcheck Ttotal Status Flags
r-devel-linux-x86_64-debian-clang 1.5 1.93 17.93 19.86 NOTE
r-devel-linux-x86_64-debian-gcc 1.5 1.64 14.28 15.92 NOTE
r-devel-linux-x86_64-fedora-clang 1.5 24.44 NOTE
r-devel-linux-x86_64-fedora-gcc 1.5 24.34 NOTE
r-devel-windows-ix86+x86_64 1.5 5.00 37.00 42.00 NOTE
r-devel-windows-ix86+x86_64-gcc8 1.5 6.00 28.00 34.00 NOTE
r-patched-linux-x86_64 1.5 1.99 17.82 19.81 NOTE
r-patched-solaris-x86 1.5 38.10 NOTE
r-release-linux-x86_64 1.5 1.41 16.45 17.86 NOTE
r-release-windows-ix86+x86_64 1.5 4.00 37.00 41.00 NOTE
r-release-osx-x86_64 1.5 NOTE
r-oldrel-windows-ix86+x86_64 1.5 2.00 26.00 28.00 NOTE
r-oldrel-osx-x86_64 1.5 NOTE

Check Details

Version: 1.5
Check: DESCRIPTION meta-information
Result: NOTE
    Malformed Description field: should contain one or more complete sentences.
Flavors: r-devel-linux-x86_64-debian-clang, r-devel-linux-x86_64-debian-gcc, r-devel-linux-x86_64-fedora-clang, r-devel-linux-x86_64-fedora-gcc, r-devel-windows-ix86+x86_64, r-devel-windows-ix86+x86_64-gcc8, r-patched-linux-x86_64, r-patched-solaris-x86, r-release-linux-x86_64, r-release-windows-ix86+x86_64, r-release-osx-x86_64, r-oldrel-windows-ix86+x86_64, r-oldrel-osx-x86_64

Version: 1.5
Check: R code for possible problems
Result: NOTE
    rdisclap: no visible global function definition for 'runif'
    Undefined global functions or variables:
     runif
    Consider adding
     importFrom("stats", "runif")
    to your NAMESPACE file.
Flavors: r-devel-linux-x86_64-debian-clang, r-devel-linux-x86_64-debian-gcc, r-devel-linux-x86_64-fedora-clang, r-devel-linux-x86_64-fedora-gcc, r-devel-windows-ix86+x86_64, r-devel-windows-ix86+x86_64-gcc8, r-patched-linux-x86_64, r-patched-solaris-x86, r-release-linux-x86_64, r-release-windows-ix86+x86_64, r-release-osx-x86_64, r-oldrel-windows-ix86+x86_64, r-oldrel-osx-x86_64