Last updated on 2023-12-11 21:53:57 CET.
Flavor | Version | Tinstall | Tcheck | Ttotal | Status | Flags |
---|---|---|---|---|---|---|
r-devel-linux-x86_64-debian-clang | 0.2.6 | 21.75 | 273.88 | 295.63 | NOTE | |
r-devel-linux-x86_64-debian-gcc | 0.2.6 | 20.00 | 205.68 | 225.68 | NOTE | |
r-devel-linux-x86_64-fedora-clang | 0.2.6 | 358.87 | NOTE | |||
r-devel-linux-x86_64-fedora-gcc | 0.2.6 | 360.39 | OK | |||
r-devel-windows-x86_64 | 0.2.6 | 20.00 | 249.00 | 269.00 | OK | |
r-patched-linux-x86_64 | 0.2.6 | 23.38 | 266.97 | 290.35 | OK | |
r-release-linux-x86_64 | 0.2.6 | 19.28 | 262.26 | 281.54 | OK | |
r-release-macos-arm64 | 0.2.6 | 114.00 | OK | |||
r-release-macos-x86_64 | 0.2.6 | 207.00 | OK | |||
r-release-windows-x86_64 | 0.2.6 | 23.00 | 294.00 | 317.00 | OK | |
r-oldrel-macos-arm64 | 0.2.6 | 105.00 | OK | |||
r-oldrel-macos-x86_64 | 0.2.6 | 140.00 | OK | |||
r-oldrel-windows-x86_64 | 0.2.6 | 27.00 | 287.00 | 314.00 | OK |
Version: 0.2.6
Check: Rd files
Result: NOTE
checkRd: (-1) DRR-class.Rd:79: Lost braces; missing escapes or markup?
79 | n^{1/3} up to sacrificing some accuracy, for details see
| ^
Flavors: r-devel-linux-x86_64-debian-clang, r-devel-linux-x86_64-debian-gcc
Version: 0.2.6
Check: Rd cross-references
Result: NOTE
Undeclared package ‘CVST’ in Rd xrefs
Flavor: r-devel-linux-x86_64-fedora-clang