CRAN Package Check Results for Package digest

Last updated on 2021-06-18 20:48:16 CEST.

Flavor Version Tinstall Tcheck Ttotal Status Flags
r-devel-linux-x86_64-debian-clang 0.6.27 8.82 30.76 39.58 OK
r-devel-linux-x86_64-debian-gcc 0.6.27 6.42 24.09 30.51 OK
r-devel-linux-x86_64-fedora-clang 0.6.27 60.00 OK
r-devel-linux-x86_64-fedora-gcc 0.6.27 50.44 OK
r-devel-windows-x86_64 0.6.27 21.00 50.00 71.00 OK
r-devel-windows-x86_64-gcc10-UCRT 0.6.27 WARN
r-patched-linux-x86_64 0.6.27 6.78 29.85 36.63 OK
r-patched-solaris-x86 0.6.27 76.10 OK
r-release-linux-x86_64 0.6.27 8.73 29.71 38.44 OK
r-release-macos-arm64 0.6.27 OK
r-release-macos-x86_64 0.6.27 OK
r-release-windows-ix86+x86_64 0.6.27 41.00 58.00 99.00 OK
r-oldrel-macos-x86_64 0.6.27 OK
r-oldrel-windows-ix86+x86_64 0.6.27 34.00 57.00 91.00 OK

Check Details

Version: 0.6.27
Check: whether package can be installed
Result: WARN
    Found the following significant warnings:
     digest.c:207:25: warning: too many arguments for format [-Wformat-extra-args]
     digest.c:432:25: warning: too many arguments for format [-Wformat-extra-args]
Flavor: r-devel-windows-x86_64-gcc10-UCRT