CRAN Package Check Results for Package digest

Last updated on 2021-12-03 12:56:32 CET.

Flavor Version Tinstall Tcheck Ttotal Status Flags
r-devel-linux-x86_64-debian-clang 0.6.28 7.46 30.20 37.66 OK
r-devel-linux-x86_64-debian-gcc 0.6.29 6.61 22.56 29.17 OK
r-devel-linux-x86_64-fedora-clang 0.6.29 64.47 OK
r-devel-linux-x86_64-fedora-gcc 0.6.29 51.88 OK
r-devel-windows-x86_64-new-UL 0.6.29 26.00 68.00 94.00 WARN
r-devel-windows-x86_64-new-TK 0.6.28 WARN
r-devel-windows-x86_64-old 0.6.28 23.00 41.00 64.00 OK
r-patched-linux-x86_64 0.6.29 8.04 27.84 35.88 OK
r-patched-solaris-x86 0.6.29 73.30 WARN
r-release-linux-x86_64 0.6.29 8.33 27.97 36.30 OK
r-release-macos-arm64 0.6.28 OK
r-release-macos-x86_64 0.6.29 NOTE
r-release-windows-ix86+x86_64 0.6.29 34.00 47.00 81.00 OK
r-oldrel-macos-x86_64 0.6.29 NOTE
r-oldrel-windows-ix86+x86_64 0.6.28 57.00 60.00 117.00 OK

Check Details

Version: 0.6.29
Check: whether package can be installed
Result: WARN
    Found the following significant warnings:
     digest.c:209:25: warning: too many arguments for format [-Wformat-extra-args]
     digest.c:432:25: warning: too many arguments for format [-Wformat-extra-args]
Flavor: r-devel-windows-x86_64-new-UL

Version: 0.6.28
Check: whether package can be installed
Result: WARN
    Found the following significant warnings:
     digest.c:207:25: warning: too many arguments for format [-Wformat-extra-args]
     digest.c:432:25: warning: too many arguments for format [-Wformat-extra-args]
Flavor: r-devel-windows-x86_64-new-TK

Version: 0.6.29
Check: re-building of vignette outputs
Result: WARN
    Error(s) in re-building vignettes:
     ...
    --- re-building ‘sha1.md’ using mdweave_to_html
    Cannot find pandoc. Not able to weave vignette.
    Error: processing vignette 'sha1.md' failed with diagnostics:
    Failed to locate ‘weave’ output file ‘sha1.pdf’ or ‘sha1.html’ for vignette with name ‘sha1’ and engine ‘simplermarkdown::mdweave_to_html’. The following files exist in working directory ‘/home/ripley/R/packages/tests32/digest.Rcheck/vign_test/digest/vignettes’: ‘sha1.md’ (7299 bytes), ‘water.css’ (1193 bytes)
    --- failed re-building ‘sha1.md’
    
    SUMMARY: processing the following file failed:
     ‘sha1.md’
    
    Error: Vignette re-building failed.
    Execution halted
Flavor: r-patched-solaris-x86

Version: 0.6.29
Check: re-building of vignette outputs
Result: NOTE
    Error(s) in re-building vignettes:
     ...
    --- re-building ‘sha1.md’ using mdweave_to_html
    Cannot find pandoc. Not able to weave vignette.
    Error: processing vignette 'sha1.md' failed with diagnostics:
    Failed to locate ‘weave’ output file ‘sha1.pdf’ or ‘sha1.html’ for vignette with name ‘sha1’ and engine ‘simplermarkdown::mdweave_to_html’. The following files exist in working directory ‘/Volumes/Builds/packages/high-sierra-x86_64/results/4.1/digest.Rcheck/vign_test/digest/vignettes’: ‘sha1.md’ (7299 bytes), ‘water.css’ (1193 bytes)
    --- failed re-building ‘sha1.md’
    
    SUMMARY: processing the following file failed:
     ‘sha1.md’
    
    Error: Vignette re-building failed.
    Execution halted
Flavor: r-release-macos-x86_64

Version: 0.6.29
Check: re-building of vignette outputs
Result: NOTE
    Error(s) in re-building vignettes:
     ...
    --- re-building ‘sha1.md’ using mdweave_to_html
    Cannot find pandoc. Not able to weave vignette.
    Error: processing vignette 'sha1.md' failed with diagnostics:
    Failed to locate ‘weave’ output file ‘sha1.pdf’ or ‘sha1.html’ for vignette with name ‘sha1’ and engine ‘simplermarkdown::mdweave_to_html’. The following files exist in working directory ‘/Volumes/Builds/packages/high-sierra-x86_64/results/4.0/digest.Rcheck/vign_test/digest/vignettes’: ‘sha1.md’ (7299 bytes), ‘water.css’ (1193 bytes)
    --- failed re-building ‘sha1.md’
    
    SUMMARY: processing the following file failed:
     ‘sha1.md’
    
    Error: Vignette re-building failed.
    Execution halted
Flavor: r-oldrel-macos-x86_64