Last updated on 2023-04-01 22:53:39 CEST.
Flavor | Version | Tinstall | Tcheck | Ttotal | Status | Flags |
---|---|---|---|---|---|---|
r-devel-linux-x86_64-debian-clang | 0.6.31 | 10.90 | 30.67 | 41.57 | NOTE | |
r-devel-linux-x86_64-debian-gcc | 0.6.31 | 10.19 | 24.05 | 34.24 | NOTE | |
r-devel-linux-x86_64-fedora-clang | 0.6.31 | 56.31 | NOTE | |||
r-devel-linux-x86_64-fedora-gcc | 0.6.31 | 69.51 | NOTE | |||
r-devel-windows-x86_64 | 0.6.31 | 28.00 | 62.00 | 90.00 | NOTE | |
r-patched-linux-x86_64 | 0.6.31 | 8.86 | 30.13 | 38.99 | NOTE | |
r-release-linux-x86_64 | 0.6.31 | 9.49 | 30.86 | 40.35 | OK | |
r-release-macos-arm64 | 0.6.31 | 33.00 | OK | |||
r-release-macos-x86_64 | 0.6.31 | 50.00 | OK | |||
r-release-windows-x86_64 | 0.6.31 | 243.00 | 69.00 | 312.00 | OK | |
r-oldrel-macos-arm64 | 0.6.31 | 37.00 | OK | |||
r-oldrel-macos-x86_64 | 0.6.31 | 54.00 | OK | |||
r-oldrel-windows-ix86+x86_64 | 0.6.31 | 43.00 | 68.00 | 111.00 | WARN |
Version: 0.6.31
Check: C++ specification
Result: NOTE
Specified C++11: please drop specification unless essential
Flavors: r-devel-linux-x86_64-debian-clang, r-devel-linux-x86_64-debian-gcc, r-devel-linux-x86_64-fedora-clang, r-devel-linux-x86_64-fedora-gcc, r-devel-windows-x86_64, r-patched-linux-x86_64
Version: 0.6.31
Check: re-building of vignette outputs
Result: WARN
Error(s) in re-building vignettes:
--- re-building 'sha1.md' using mdweave_to_html
Evaluating code in block 'faq7_31'.
Evaluating code in block 'faq7_31digest'.
Evaluating code in block 'sha1_lm_sum'.
Evaluating code in block 'sha1_lm'.
Error: processing vignette 'sha1.md' failed with diagnostics:
Running '' had status 127; this generally means that '' could not be found. Make sure '' in on the path.
--- failed re-building 'sha1.md'
SUMMARY: processing the following file failed:
'sha1.md'
Error: Vignette re-building failed.
Execution halted
Flavor: r-oldrel-windows-ix86+x86_64