Last updated on 2022-06-25 20:50:14 CEST.
Flavor | Version | Tinstall | Tcheck | Ttotal | Status | Flags |
---|---|---|---|---|---|---|
r-devel-linux-x86_64-debian-clang | 0.6.29 | 11.53 | 31.83 | 43.36 | OK | |
r-devel-linux-x86_64-debian-gcc | 0.6.29 | 10.58 | 24.17 | 34.75 | OK | |
r-devel-linux-x86_64-fedora-clang | 0.6.29 | 64.98 | OK | |||
r-devel-linux-x86_64-fedora-gcc | 0.6.29 | 63.42 | OK | |||
r-devel-windows-x86_64 | 0.6.29 | 174.00 | 69.00 | 243.00 | OK | |
r-patched-linux-x86_64 | 0.6.29 | 7.91 | 31.18 | 39.09 | OK | |
r-release-linux-x86_64 | 0.6.29 | 6.77 | 30.02 | 36.79 | OK | |
r-release-macos-arm64 | 0.6.29 | 30.00 | OK | |||
r-release-macos-x86_64 | 0.6.29 | 49.00 | OK | |||
r-release-windows-x86_64 | 0.6.29 | 134.00 | 60.00 | 194.00 | OK | |
r-oldrel-macos-arm64 | 0.6.29 | 110.00 | OK | |||
r-oldrel-macos-x86_64 | 0.6.29 | 49.00 | NOTE | |||
r-oldrel-windows-ix86+x86_64 | 0.6.29 | 41.00 | 60.00 | 101.00 | OK |
Version: 0.6.29
Check: re-building of vignette outputs
Result: NOTE
Error(s) in re-building vignettes:
...
--- re-building ‘sha1.md’ using mdweave_to_html
Cannot find pandoc. Not able to weave vignette.
Error: processing vignette 'sha1.md' failed with diagnostics:
Failed to locate ‘weave’ output file ‘sha1.pdf’ or ‘sha1.html’ for vignette with name ‘sha1’ and engine ‘simplermarkdown::mdweave_to_html’. The following files exist in working directory ‘/Volumes/Builds/packages/high-sierra-x86_64/results/4.1/digest.Rcheck/vign_test/digest/vignettes’: ‘sha1.md’ (7299 bytes), ‘water.css’ (1193 bytes)
--- failed re-building ‘sha1.md’
SUMMARY: processing the following file failed:
‘sha1.md’
Error: Vignette re-building failed.
Execution halted
Flavor: r-oldrel-macos-x86_64