CRAN Package Check Results for Package digest

Last updated on 2019-09-16 06:49:16 CEST.

Flavor Version Tinstall Tcheck Ttotal Status Flags
r-devel-linux-x86_64-debian-clang 0.6.20 6.79 22.58 29.37 OK
r-devel-linux-x86_64-debian-gcc 0.6.20 4.47 18.25 22.72 OK
r-devel-linux-x86_64-fedora-clang 0.6.20 40.44 ERROR
r-devel-linux-x86_64-fedora-gcc 0.6.20 37.39 OK
r-devel-windows-ix86+x86_64 0.6.20 43.00 47.00 90.00 OK
r-patched-linux-x86_64 0.6.20 4.22 23.45 27.67 OK
r-patched-solaris-x86 0.6.20 53.80 OK
r-release-linux-x86_64 0.6.20 4.91 23.20 28.11 OK
r-release-windows-ix86+x86_64 0.6.20 28.00 47.00 75.00 OK
r-release-osx-x86_64 0.6.20 OK
r-oldrel-windows-ix86+x86_64 0.6.20 39.00 44.00 83.00 OK
r-oldrel-osx-x86_64 0.6.20 OK

Check Details

Version: 0.6.20
Check: tests
Result: ERROR
     Running ‘tinytest.R’
    Running the tests in ‘tests/tinytest.R’ failed.
    Complete output:
     >
     > if (requireNamespace("tinytest", quietly=TRUE)) {
     +
     + ## Set a seed to make the test deterministic
     + set.seed(42)
     +
     + ## there are several more granular ways to test files in a
     + ## tinytest directory, see its package vignette; tests can also
     + ## run once the package is installed using the same command
     +
     + ## we need version 0.9.3 or later
     + if (packageVersion("tinytest") >= "0.9.3") {
     + tinytest::test_package("digest")
     + }
     + }
    
     Running test_aes.R.................... 0 tests
     Running test_aes.R.................... 0 tests
     Running test_aes.R.................... 0 tests
     Running test_aes.R.................... 0 tests
     Running test_aes.R.................... 0 tests
     Running test_aes.R.................... 0 tests
     Running test_aes.R.................... 0 tests
     Running test_aes.R.................... 1 tests <1b>[0;32mOK<1b>[0m
     Running test_aes.R.................... 2 tests <1b>[0;32mOK<1b>[0m
     Running test_aes.R.................... 2 tests <1b>[0;32mOK<1b>[0m
     Running test_aes.R.................... 2 tests <1b>[0;32mOK<1b>[0m
     Running test_aes.R.................... 2 tests <1b>[0;32mOK<1b>[0m
     Running test_aes.R.................... 2 tests <1b>[0;32mOK<1b>[0m
     Running test_aes.R.................... 3 tests <1b>[0;32mOK<1b>[0m
     Running test_aes.R.................... 4 tests <1b>[0;32mOK<1b>[0m
     Running test_aes.R.................... 4 tests <1b>[0;32mOK<1b>[0m
     Running test_aes.R.................... 4 tests <1b>[0;32mOK<1b>[0m
     Running test_aes.R.................... 4 tests <1b>[0;32mOK<1b>[0m
     Running test_aes.R.................... 4 tests <1b>[0;32mOK<1b>[0m
     Running test_aes.R.................... 5 tests <1b>[0;32mOK<1b>[0m
     Running test_aes.R.................... 6 tests <1b>[0;32mOK<1b>[0m
     Running test_aes.R.................... 6 tests <1b>[0;32mOK<1b>[0m
     Running test_aes.R.................... 6 tests <1b>[0;32mOK<1b>[0m
     Running test_aes.R.................... 6 tests <1b>[0;32mOK<1b>[0m
     Running test_aes.R.................... 6 tests <1b>[0;32mOK<1b>[0m
     Running test_aes.R.................... 6 tests <1b>[0;32mOK<1b>[0m
     Running test_aes.R.................... 7 tests <1b>[0;32mOK<1b>[0m
     Running test_aes.R.................... 8 tests <1b>[0;32mOK<1b>[0m
     Running test_aes.R.................... 8 tests <1b>[0;32mOK<1b>[0m
     Running test_aes.R.................... 8 tests <1b>[0;32mOK<1b>[0m
     Running test_aes.R.................... 8 tests <1b>[0;32mOK<1b>[0m
     Running test_aes.R.................... 8 tests <1b>[0;32mOK<1b>[0m
     Running test_aes.R.................... 9 tests <1b>[0;32mOK<1b>[0m
     Running test_aes.R.................... 9 tests <1b>[0;32mOK<1b>[0m
     Running test_aes.R.................... 10 tests <1b>[0;32mOK<1b>[0m
     Running test_aes.R.................... 10 tests <1b>[0;32mOK<1b>[0m
     Running test_aes.R.................... 10 tests <1b>[0;32mOK<1b>[0m
     Running test_aes.R.................... 10 tests <1b>[0;32mOK<1b>[0m
     Running test_aes.R.................... 10 tests <1b>[0;32mOK<1b>[0m
     Running test_aes.R.................... 11 tests <1b>[0;32mOK<1b>[0m
     Running test_aes.R.................... 11 tests <1b>[0;32mOK<1b>[0m
     Running test_aes.R.................... 12 tests <1b>[0;32mOK<1b>[0m
    
     Running test_crc32.R.................. 0 tests
     Running test_crc32.R.................. 0 tests
     Running test_crc32.R.................. 0 tests
     Running test_crc32.R.................. 0 tests
     Running test_crc32.R.................. 0 tests
     Running test_crc32.R.................. 1 tests <1b>[0;32mOK<1b>[0m
     Running test_crc32.R.................. 1 tests <1b>[0;32mOK<1b>[0m
     Running test_crc32.R.................. 2 tests <1b>[0;32mOK<1b>[0m
    
     Running test_digest.R................. 0 tests
     Running test_digest.R................. 0 tests
     Running test_digest.R................. 0 tests
     Running test_digest.R................. 7 tests <1b>[0;32mOK<1b>[0m
     Running test_digest.R................. 14 tests <1b>[0;32mOK<1b>[0m
     Running test_digest.R................. 14 tests <1b>[0;32mOK<1b>[0m
     Running test_digest.R................. 14 tests <1b>[0;32mOK<1b>[0m
     Running test_digest.R................. 16 tests <1b>[0;32mOK<1b>[0m
     Running test_digest.R................. 18 tests <1b>[0;32mOK<1b>[0m
     Running test_digest.R................. 18 tests <1b>[0;32mOK<1b>[0m
     Running test_digest.R................. 18 tests <1b>[0;32mOK<1b>[0m
     Running test_digest.R................. 20 tests <1b>[0;32mOK<1b>[0m
     Running test_digest.R................. 22 tests <1b>[0;32mOK<1b>[0m
     Running test_digest.R................. 22 tests <1b>[0;32mOK<1b>[0m
     Running test_digest.R................. 22 tests <1b>[0;32mOK<1b>[0m
     Running test_digest.R................. 24 tests <1b>[0;32mOK<1b>[0m
     Running test_digest.R................. 24 tests <1b>[0;32mOK<1b>[0m
     Running test_digest.R................. 25 tests <1b>[0;32mOK<1b>[0m
     Running test_digest.R................. 25 tests <1b>[0;32mOK<1b>[0m
     Running test_digest.R................. 25 tests <1b>[0;32mOK<1b>[0m
     Running test_digest.R................. 28 tests <1b>[0;32mOK<1b>[0m
     Running test_digest.R................. 28 tests <1b>[0;32mOK<1b>[0m
     Running test_digest.R................. 28 tests <1b>[0;32mOK<1b>[0m
     Running test_digest.R................. 31 tests <1b>[0;32mOK<1b>[0m
     Running test_digest.R................. 31 tests <1b>[0;32mOK<1b>[0m
     Running test_digest.R................. 31 tests <1b>[0;32mOK<1b>[0m
     Running test_digest.R................. 34 tests <1b>[0;32mOK<1b>[0m
     Running test_digest.R................. 35 tests <1b>[0;32mOK<1b>[0m
     Running test_digest.R................. 35 tests <1b>[0;32mOK<1b>[0m
     Running test_digest.R................. 35 tests <1b>[0;32mOK<1b>[0m
     Running test_digest.R................. 42 tests <1b>[0;32mOK<1b>[0m
     Running test_digest.R................. 42 tests <1b>[0;32mOK<1b>[0m
     Running test_digest.R................. 42 tests <1b>[0;32mOK<1b>[0m
     Running test_digest.R................. 45 tests <1b>[0;32mOK<1b>[0m
     Running test_digest.R................. 45 tests <1b>[0;32mOK<1b>[0m
     Running test_digest.R................. 46 tests <1b>[0;32mOK<1b>[0m
     Running test_digest.R................. 46 tests <1b>[0;32mOK<1b>[0m
     Running test_digest.R................. 46 tests <1b>[0;32mOK<1b>[0m
     Running test_digest.R................. 46 tests <1b>[0;32mOK<1b>[0m
     *** caught segfault ***
     address 0x4000000048, cause 'memory not mapped'
    
     Traceback:
     1: digest(fname, length = 18000, algo = alg, serialize = FALSE, file = TRUE)
     2: eval(expr, envir = e)
     3: eval(expr, envir = e)
     4: FUN(X[[i]], ...)
     5: lapply(basename(testfiles), run_test_file, at_home = at_home, verbose = verbose, color = color, remove_side_effects = remove_side_effects, ...)
     6: run_test_dir(testdir, at_home = at_home, cluster = cluster, ...)
     7: tinytest::test_package("digest")
     An irrecoverable exception occurred. R is aborting now ...
Flavor: r-devel-linux-x86_64-fedora-clang