Last updated on 2025-01-24 22:49:50 CET.
Flavor | Version | Tinstall | Tcheck | Ttotal | Status | Flags |
---|---|---|---|---|---|---|
r-devel-linux-x86_64-debian-clang | 0.6.37 | 11.80 | 26.47 | 38.27 | NOTE | |
r-devel-linux-x86_64-debian-gcc | 0.6.37 | 9.58 | 20.73 | 30.31 | NOTE | |
r-devel-linux-x86_64-fedora-clang | 0.6.37 | 64.69 | OK | |||
r-devel-linux-x86_64-fedora-gcc | 0.6.37 | 79.56 | OK | |||
r-devel-windows-x86_64 | 0.6.37 | 27.00 | 55.00 | 82.00 | OK | |
r-patched-linux-x86_64 | 0.6.37 | 12.26 | 24.82 | 37.08 | OK | |
r-release-linux-x86_64 | 0.6.37 | 13.31 | 24.86 | 38.17 | OK | |
r-release-macos-arm64 | 0.6.37 | 56.00 | OK | |||
r-release-macos-x86_64 | 0.6.37 | 118.00 | OK | |||
r-release-windows-x86_64 | 0.6.37 | 30.00 | 54.00 | 84.00 | OK | |
r-oldrel-macos-arm64 | 0.6.37 | 63.00 | OK | |||
r-oldrel-macos-x86_64 | 0.6.37 | 105.00 | OK | |||
r-oldrel-windows-x86_64 | 0.6.37 | 26.00 | 56.00 | 82.00 | OK |
Version: 0.6.37
Check: for unstated dependencies in ‘demo’
Result: NOTE
'::' or ':::' import not declared from: ‘rbenchmark’
Flavors: r-devel-linux-x86_64-debian-clang, r-devel-linux-x86_64-debian-gcc