CRAN Package Check Results for Package digest

Last updated on 2021-01-24 08:49:30 CET.

Flavor Version Tinstall Tcheck Ttotal Status Flags
r-devel-linux-x86_64-debian-clang 0.6.27 7.52 30.91 38.43 OK
r-devel-linux-x86_64-debian-gcc 0.6.27 7.14 24.17 31.31 OK
r-devel-linux-x86_64-fedora-clang 0.6.27 60.26 OK
r-devel-linux-x86_64-fedora-gcc 0.6.27 50.81 OK
r-devel-windows-ix86+x86_64 0.6.27 38.00 60.00 98.00 OK
r-patched-linux-x86_64 0.6.27 6.06 29.50 35.56 OK
r-patched-solaris-x86 0.6.27 74.90 OK
r-release-linux-x86_64 0.6.27 9.20 29.46 38.66 OK
r-release-macos-x86_64 0.6.27 OK
r-release-windows-ix86+x86_64 0.6.27 2.00 7.00 9.00 ERROR
r-oldrel-macos-x86_64 0.6.27 OK
r-oldrel-windows-ix86+x86_64 0.6.27 30.00 59.00 89.00 OK

Check Details

Version: 0.6.27
Check: whether package can be installed
Result: ERROR
    Installation failed.
Flavor: r-release-windows-ix86+x86_64