CRAN Package Check Results for Package diffman

Last updated on 2021-09-19 11:49:49 CEST.

Flavor Version Tinstall Tcheck Ttotal Status Flags
r-devel-linux-x86_64-debian-clang 0.1.1 27.27 78.39 105.66 OK
r-devel-linux-x86_64-debian-gcc 0.1.1 17.06 57.54 74.60 OK
r-devel-linux-x86_64-fedora-clang 0.1.1 136.07 NOTE
r-devel-linux-x86_64-fedora-gcc 0.1.1 125.00 NOTE
r-devel-windows-x86_64 0.1.1 29.00 102.00 131.00 OK
r-devel-windows-x86_64-gcc10-UCRT 0.1.1 ERROR
r-patched-linux-x86_64 0.1.1 21.81 72.72 94.53 OK
r-patched-solaris-x86 0.1.1 161.30 NOTE
r-release-linux-x86_64 0.1.1 23.43 73.43 96.86 OK
r-release-macos-arm64 0.1.1 NOTE
r-release-macos-x86_64 0.1.1 NOTE
r-release-windows-ix86+x86_64 0.1.1 62.00 113.00 175.00 OK
r-oldrel-macos-x86_64 0.1.1 NOTE
r-oldrel-windows-ix86+x86_64 0.1.1 62.00 108.00 170.00 OK

Check Details

Version: 0.1.1
Check: dependencies in R code
Result: NOTE
    Namespaces in Imports field not imported from:
     ‘dplyr’ ‘sf’ ‘tidyverse’
     All declared Imports should be used.
Flavors: r-devel-linux-x86_64-fedora-clang, r-devel-linux-x86_64-fedora-gcc, r-patched-solaris-x86, r-release-macos-arm64, r-release-macos-x86_64, r-oldrel-macos-x86_64

Version: 0.1.1
Check: whether package can be installed
Result: ERROR
    Installation failed.
Flavor: r-devel-windows-x86_64-gcc10-UCRT