CRAN Package Check Results for Package diffMeanVar

Last updated on 2019-06-16 13:19:10 CEST.

Flavor Version Tinstall Tcheck Ttotal Status Flags
r-devel-linux-x86_64-debian-clang 0.0.6 27.84 368.58 396.42 OK
r-devel-linux-x86_64-debian-gcc 0.0.6 25.77 292.28 318.05 OK
r-devel-linux-x86_64-fedora-clang 0.0.6 509.83 OK
r-devel-linux-x86_64-fedora-gcc 0.0.6 385.91 OK
r-devel-windows-ix86+x86_64 0.0.6 31.00 5.00 36.00 ERROR
r-patched-linux-x86_64 0.0.6 26.68 364.76 391.44 OK
r-release-linux-x86_64 0.0.6 26.90 365.09 391.99 OK
r-release-windows-ix86+x86_64 0.0.6 21.00 8.00 29.00 ERROR
r-release-osx-x86_64 0.0.6 ERROR
r-oldrel-windows-ix86+x86_64 0.0.6 15.00 6.00 21.00 ERROR
r-oldrel-osx-x86_64 0.0.6 ERROR

Check Details

Version: 0.0.6
Check: whether package can be installed
Result: ERROR
    Installation failed.
Flavors: r-devel-windows-ix86+x86_64, r-release-windows-ix86+x86_64, r-oldrel-windows-ix86+x86_64

Version: 0.0.6
Check: package dependencies
Result: ERROR
    Packages required but not available: 'Biobase', 'missMethyl', 'methylumi'
    
    See section ‘The DESCRIPTION file’ in the ‘Writing R Extensions’
    manual.
Flavor: r-release-osx-x86_64

Version: 0.0.6
Check: package dependencies
Result: ERROR
    Packages required but not available: ‘missMethyl’ ‘methylumi’
    
    See section ‘The DESCRIPTION file’ in the ‘Writing R Extensions’
    manual.
Flavor: r-oldrel-osx-x86_64