CRAN Package Check Results for Package diffMeanVar

Last updated on 2019-04-20 04:51:51 CEST.

Flavor Version Tinstall Tcheck Ttotal Status Flags
r-devel-linux-x86_64-debian-clang 0.0.6 29.47 373.26 402.73 OK
r-devel-linux-x86_64-debian-gcc 0.0.6 26.33 286.73 313.06 OK
r-devel-linux-x86_64-fedora-clang 0.0.6 489.63 OK
r-devel-linux-x86_64-fedora-gcc 0.0.6 505.61 OK
r-devel-windows-ix86+x86_64 0.0.6 28.00 6.00 34.00 ERROR
r-patched-linux-x86_64 0.0.6 28.64 360.23 388.87 OK
r-release-linux-x86_64 0.0.6 18.61 353.31 371.92 OK
r-release-windows-ix86+x86_64 0.0.6 58.00 462.00 520.00 OK
r-release-osx-x86_64 0.0.6 ERROR
r-oldrel-windows-ix86+x86_64 0.0.6 58.00 424.00 482.00 OK
r-oldrel-osx-x86_64 0.0.6 ERROR

Check Details

Version: 0.0.6
Check: whether package can be installed
Result: ERROR
    Installation failed.
Flavors: r-devel-windows-ix86+x86_64, r-oldrel-osx-x86_64

Version: 0.0.6
Check: package dependencies
Result: ERROR
    Packages required but not available: ‘missMethyl’ ‘methylumi’
    
    See section ‘The DESCRIPTION file’ in the ‘Writing R Extensions’
    manual.
Flavor: r-release-osx-x86_64