CRAN Package Check Results for Package dicionariosIBGE

Last updated on 2019-04-25 15:53:53 CEST.

Flavor Version Tinstall Tcheck Ttotal Status Flags
r-devel-linux-x86_64-debian-clang 1.6 2.32 28.45 30.77 NOTE
r-devel-linux-x86_64-debian-gcc 1.6 1.76 23.02 24.78 NOTE
r-devel-linux-x86_64-fedora-clang 1.6 37.35 NOTE
r-devel-linux-x86_64-fedora-gcc 1.6 35.98 NOTE
r-devel-windows-ix86+x86_64 1.6 8.00 41.00 49.00 NOTE
r-patched-linux-x86_64 1.6 2.29 28.36 30.65 NOTE
r-patched-solaris-x86 1.6 58.20 NOTE
r-release-linux-x86_64 1.6 1.61 20.25 21.86 NOTE
r-release-windows-ix86+x86_64 1.6 3.00 31.00 34.00 NOTE
r-release-osx-x86_64 1.6 NOTE
r-oldrel-windows-ix86+x86_64 1.6 4.00 34.00 38.00 NOTE
r-oldrel-osx-x86_64 1.6 NOTE

Check Details

Version: 1.6
Check: R code for possible problems
Result: NOTE
    le.pesquisa: no visible global function definition for 'txtProgressBar'
    le.pesquisa: no visible global function definition for 'type.convert'
    le.pesquisa: no visible global function definition for
     'setTxtProgressBar'
    Undefined global functions or variables:
     setTxtProgressBar txtProgressBar type.convert
    Consider adding
     importFrom("utils", "setTxtProgressBar", "txtProgressBar",
     "type.convert")
    to your NAMESPACE file.
Flavors: r-devel-linux-x86_64-debian-clang, r-devel-linux-x86_64-debian-gcc, r-devel-linux-x86_64-fedora-clang, r-devel-linux-x86_64-fedora-gcc, r-devel-windows-ix86+x86_64, r-patched-linux-x86_64, r-patched-solaris-x86, r-release-linux-x86_64, r-release-windows-ix86+x86_64, r-release-osx-x86_64, r-oldrel-windows-ix86+x86_64, r-oldrel-osx-x86_64

Version: 1.6
Check: data for non-ASCII characters
Result: NOTE
     Note: found 2297 marked UTF-8 strings
Flavors: r-devel-linux-x86_64-fedora-clang, r-devel-linux-x86_64-fedora-gcc, r-patched-solaris-x86, r-release-osx-x86_64, r-oldrel-osx-x86_64