CRAN Package Check Results for Package dials

Last updated on 2021-10-17 06:49:33 CEST.

Flavor Version Tinstall Tcheck Ttotal Status Flags
r-devel-linux-x86_64-debian-clang 0.0.10 7.13 76.36 83.49 OK
r-devel-linux-x86_64-debian-gcc 0.0.10 5.48 56.80 62.28 OK
r-devel-linux-x86_64-fedora-clang 0.0.10 108.74 NOTE
r-devel-linux-x86_64-fedora-gcc 0.0.10 108.06 OK
r-devel-windows-x86_64 0.0.10 12.00 109.00 121.00 OK
r-devel-windows-x86_64-gcc10-UCRT 0.0.10 OK
r-patched-linux-x86_64 0.0.10 7.16 71.00 78.16 OK
r-patched-solaris-x86 0.0.10 127.90 OK
r-release-linux-x86_64 0.0.10 7.69 71.18 78.87 OK
r-release-macos-arm64 0.0.10 OK
r-release-macos-x86_64 0.0.10 OK
r-release-windows-ix86+x86_64 0.0.10 12.00 105.00 117.00 OK
r-oldrel-macos-x86_64 0.0.10 OK
r-oldrel-windows-ix86+x86_64 0.0.10 17.00 107.00 124.00 OK

Check Details

Version: 0.0.10
Check: Rd cross-references
Result: NOTE
    Undeclared packages ‘discrim’, ‘sda’ in Rd xrefs
Flavor: r-devel-linux-x86_64-fedora-clang