CRAN Package Check Results for Package dials

Last updated on 2022-01-21 23:48:44 CET.

Flavor Version Tinstall Tcheck Ttotal Status Flags
r-devel-linux-x86_64-debian-clang 0.0.10 6.31 84.79 91.10 OK
r-devel-linux-x86_64-debian-gcc 0.0.10 5.85 63.68 69.53 OK
r-devel-linux-x86_64-fedora-clang 0.0.10 113.32 NOTE
r-devel-linux-x86_64-fedora-gcc 0.0.10 110.36 OK
r-devel-windows-x86_64-new-UL 0.0.10 87.00 116.00 203.00 OK
r-devel-windows-x86_64-new-TK 0.0.10 OK
r-patched-linux-x86_64 0.0.10 6.39 80.00 86.39 OK
r-release-linux-x86_64 0.0.10 7.58 79.75 87.33 OK
r-release-macos-arm64 0.0.10 OK
r-release-macos-x86_64 0.0.10 OK
r-release-windows-ix86+x86_64 0.0.10 16.00 106.00 122.00 OK
r-oldrel-macos-x86_64 0.0.10 OK
r-oldrel-windows-ix86+x86_64 0.0.10 16.00 103.00 119.00 OK

Check Details

Version: 0.0.10
Check: Rd cross-references
Result: NOTE
    Undeclared packages ‘discrim’, ‘sda’ in Rd xrefs
Flavor: r-devel-linux-x86_64-fedora-clang